CRAN Package Check Results for Package BH

Last updated on 2019-12-07 08:49:20 CET.

Flavor Version Tinstall Tcheck Ttotal Status Flags
r-devel-linux-x86_64-debian-clang 1.69.0-1 24.33 40.22 64.55 OK
r-devel-linux-x86_64-debian-gcc 1.69.0-1 15.89 32.75 48.64 OK
r-devel-linux-x86_64-fedora-clang 1.69.0-1 61.65 NOTE
r-devel-linux-x86_64-fedora-gcc 1.69.0-1 59.99 OK
r-devel-windows-ix86+x86_64 1.69.0-1 168.00 63.00 231.00 NOTE
r-devel-windows-ix86+x86_64-gcc8 1.69.0-1 127.00 58.00 185.00 NOTE
r-patched-linux-x86_64 1.69.0-1 21.34 39.54 60.88 OK
r-patched-solaris-x86 1.69.0-1 174.10 NOTE
r-release-linux-x86_64 1.69.0-1 22.12 39.43 61.55 OK
r-release-windows-ix86+x86_64 1.69.0-1 155.00 93.00 248.00 NOTE
r-release-osx-x86_64 1.69.0-1 NOTE
r-oldrel-windows-ix86+x86_64 1.69.0-1 234.00 67.00 301.00 NOTE
r-oldrel-osx-x86_64 1.69.0-1 NOTE

Check Details

Version: 1.69.0-1
Check: installed package size
Result: NOTE
     installed size is 153.5Mb
     sub-directories of 1Mb or more:
     include 153.4Mb
Flavors: r-devel-linux-x86_64-fedora-clang, r-devel-windows-ix86+x86_64, r-devel-windows-ix86+x86_64-gcc8, r-patched-solaris-x86, r-release-windows-ix86+x86_64, r-release-osx-x86_64, r-oldrel-windows-ix86+x86_64, r-oldrel-osx-x86_64