CRAN Package Check Results for Package BH

Last updated on 2019-08-17 11:47:20 CEST.

Flavor Version Tinstall Tcheck Ttotal Status Flags
r-devel-linux-x86_64-debian-clang 1.69.0-1 21.32 40.48 61.80 OK
r-devel-linux-x86_64-debian-gcc 1.69.0-1 14.32 31.76 46.08 OK
r-devel-linux-x86_64-fedora-clang 1.69.0-1 60.90 NOTE
r-devel-linux-x86_64-fedora-gcc 1.69.0-1 57.04 OK
r-devel-windows-ix86+x86_64 1.69.0-1 313.00 83.00 396.00 NOTE
r-patched-linux-x86_64 1.69.0-1 21.27 39.79 61.06 OK
r-patched-solaris-x86 1.69.0-1 179.90 NOTE
r-release-linux-x86_64 1.69.0-1 16.05 39.97 56.02 OK
r-release-windows-ix86+x86_64 1.69.0-1 155.00 93.00 248.00 NOTE
r-release-osx-x86_64 1.69.0-1 NOTE
r-oldrel-windows-ix86+x86_64 1.69.0-1 234.00 67.00 301.00 NOTE
r-oldrel-osx-x86_64 1.69.0-1 NOTE

Check Details

Version: 1.69.0-1
Check: installed package size
Result: NOTE
     installed size is 153.5Mb
     sub-directories of 1Mb or more:
     include 153.4Mb
Flavors: r-devel-linux-x86_64-fedora-clang, r-devel-windows-ix86+x86_64, r-patched-solaris-x86, r-release-windows-ix86+x86_64, r-release-osx-x86_64, r-oldrel-windows-ix86+x86_64, r-oldrel-osx-x86_64