CRAN Package Check Results for Package BGData

Last updated on 2021-10-17 12:52:36 CEST.

Flavor Version Tinstall Tcheck Ttotal Status Flags
r-devel-linux-x86_64-debian-clang 2.3.0 5.68 64.27 69.95 OK
r-devel-linux-x86_64-debian-gcc 2.3.0 5.57 48.37 53.94 OK
r-devel-linux-x86_64-fedora-clang 2.3.0 96.15 OK
r-devel-linux-x86_64-fedora-gcc 2.3.0 83.87 OK
r-devel-windows-x86_64 2.3.0 12.00 85.00 97.00 WARN
r-devel-windows-x86_64-gcc10-UCRT 2.3.0 WARN
r-patched-linux-x86_64 2.3.0 8.08 61.56 69.64 OK
r-patched-solaris-x86 2.3.0 119.10 OK
r-release-linux-x86_64 2.3.0 6.75 61.31 68.06 OK
r-release-macos-arm64 2.3.0 OK
r-release-macos-x86_64 2.3.0 OK
r-release-windows-ix86+x86_64 2.3.0 14.00 115.00 129.00 OK
r-oldrel-macos-x86_64 2.3.0 OK
r-oldrel-windows-ix86+x86_64 2.2.0 20.00 118.00 138.00 OK

Check Details

Version: 2.3.0
Check: whether package can be installed
Result: WARN
    Found the following significant warnings:
     Warning: 'memory.limit()' is no longer supported
Flavors: r-devel-windows-x86_64, r-devel-windows-x86_64-gcc10-UCRT