CRAN Package Check Results for Package BESTree

Last updated on 2021-09-22 08:49:58 CEST.

Flavor Version Tinstall Tcheck Ttotal Status Flags
r-devel-linux-x86_64-debian-clang 0.5.2 2.48 88.72 91.20 OK
r-devel-linux-x86_64-debian-gcc 0.5.2 2.07 60.93 63.00 OK
r-devel-linux-x86_64-fedora-clang 0.5.2 112.07 NOTE
r-devel-linux-x86_64-fedora-gcc 0.5.2 103.69 NOTE
r-devel-windows-x86_64 0.5.2 5.00 78.00 83.00 OK
r-devel-windows-x86_64-gcc10-UCRT 0.5.2 ERROR
r-patched-linux-x86_64 0.5.2 2.95 84.13 87.08 OK
r-patched-solaris-x86 0.5.2 117.20 NOTE
r-release-linux-x86_64 0.5.2 2.51 81.95 84.46 OK
r-release-macos-arm64 0.5.2 NOTE
r-release-macos-x86_64 0.5.2 NOTE
r-release-windows-ix86+x86_64 0.5.2 7.00 109.00 116.00 OK
r-oldrel-macos-x86_64 0.5.2 NOTE
r-oldrel-windows-ix86+x86_64 0.5.2 5.00 80.00 85.00 OK

Check Details

Version: 0.5.2
Check: dependencies in R code
Result: NOTE
    Namespace in Imports field not imported from: ‘compiler’
     All declared Imports should be used.
Flavors: r-devel-linux-x86_64-fedora-clang, r-devel-linux-x86_64-fedora-gcc, r-devel-windows-x86_64-gcc10-UCRT, r-patched-solaris-x86, r-release-macos-arm64, r-release-macos-x86_64, r-oldrel-macos-x86_64

Version: 0.5.2
Check: PDF version of manual
Result: WARN
    LaTeX errors when creating PDF version.
    This typically indicates Rd problems.
Flavor: r-devel-windows-x86_64-gcc10-UCRT

Version: 0.5.2
Check: PDF version of manual without hyperrefs or index
Result: ERROR
    Re-running with no redirection of stdout/stderr.
Flavor: r-devel-windows-x86_64-gcc10-UCRT