CRAN Package Check Results for Package BED

Last updated on 2021-09-20 20:48:26 CEST.

Flavor Version Tinstall Tcheck Ttotal Status Flags
r-devel-linux-x86_64-debian-clang 1.4.4 14.06 94.36 108.42 NOTE
r-devel-linux-x86_64-debian-gcc 1.4.4 11.02 68.29 79.31 NOTE
r-devel-linux-x86_64-fedora-clang 1.4.4 135.24 NOTE
r-devel-linux-x86_64-fedora-gcc 1.4.4 122.72 NOTE
r-devel-windows-x86_64 1.4.4 15.00 84.00 99.00 NOTE
r-devel-windows-x86_64-gcc10-UCRT 1.4.4 ERROR
r-patched-linux-x86_64 1.4.4 14.32 88.45 102.77 NOTE
r-patched-solaris-x86 1.4.4 162.80 NOTE
r-release-linux-x86_64 1.4.4 15.96 87.74 103.70 NOTE
r-release-macos-arm64 1.4.4 NOTE
r-release-macos-x86_64 1.4.4 NOTE
r-release-windows-ix86+x86_64 1.4.4 27.00 115.00 142.00 NOTE
r-oldrel-macos-x86_64 1.4.4 NOTE
r-oldrel-windows-ix86+x86_64 1.4.4 26.00 114.00 140.00 OK

Check Details

Version: 1.4.4
Check: LazyData
Result: NOTE
     'LazyData' is specified without a 'data' directory
Flavors: r-devel-linux-x86_64-debian-clang, r-devel-linux-x86_64-debian-gcc, r-devel-linux-x86_64-fedora-clang, r-devel-linux-x86_64-fedora-gcc, r-devel-windows-x86_64, r-devel-windows-x86_64-gcc10-UCRT, r-patched-linux-x86_64, r-patched-solaris-x86, r-release-linux-x86_64, r-release-macos-arm64, r-release-macos-x86_64, r-release-windows-ix86+x86_64

Version: 1.4.4
Check: dependencies in R code
Result: NOTE
    Namespaces in Imports field not imported from:
     ‘htmltools’ ‘rstudioapi’
     All declared Imports should be used.
Flavors: r-devel-linux-x86_64-fedora-clang, r-devel-linux-x86_64-fedora-gcc, r-devel-windows-x86_64-gcc10-UCRT, r-patched-solaris-x86, r-release-macos-arm64, r-release-macos-x86_64, r-oldrel-macos-x86_64

Version: 1.4.4
Check: package dependencies
Result: NOTE
    Package suggested but not available for checking: 'biomaRt'
Flavor: r-devel-windows-x86_64-gcc10-UCRT

Version: 1.4.4
Check: whether package can be installed
Result: WARN
    Found the following significant warnings:
     WARNING: installation-time patches will not be applied, could not get the patches index
Flavor: r-devel-windows-x86_64-gcc10-UCRT

Version: 1.4.4
Check: PDF version of manual
Result: WARN
    LaTeX errors when creating PDF version.
    This typically indicates Rd problems.
Flavor: r-devel-windows-x86_64-gcc10-UCRT

Version: 1.4.4
Check: PDF version of manual without hyperrefs or index
Result: ERROR
    Re-running with no redirection of stdout/stderr.
Flavor: r-devel-windows-x86_64-gcc10-UCRT

Version: 1.4.4
Check: package dependencies
Result: NOTE
    Packages suggested but not available for checking: 'biomaRt', 'GEOquery'
Flavor: r-release-macos-arm64