CRAN Package Check Results for Package BCEA

Last updated on 2022-07-02 21:52:09 CEST.

Flavor Version Tinstall Tcheck Ttotal Status Flags
r-devel-linux-x86_64-debian-clang 2.4.1 19.06 252.60 271.66 NOTE
r-devel-linux-x86_64-debian-gcc 2.4.1 14.08 183.81 197.89 NOTE
r-devel-linux-x86_64-fedora-clang 2.4.1 330.58 OK
r-devel-linux-x86_64-fedora-gcc 2.4.1 256.97 OK
r-devel-windows-x86_64 2.4.1 69.00 269.00 338.00 NOTE
r-patched-linux-x86_64 2.4.1 20.23 238.40 258.63 NOTE
r-release-linux-x86_64 2.4.1 19.71 237.11 256.82 NOTE
r-release-macos-arm64 2.4.1 101.00 NOTE
r-release-macos-x86_64 2.4.1 9.00 ERROR
r-release-windows-x86_64 2.4.1 73.00 296.00 369.00 NOTE
r-oldrel-macos-arm64 2.4.1 69.00 NOTE
r-oldrel-macos-x86_64 2.4.1 105.00 NOTE
r-oldrel-windows-ix86+x86_64 2.4.1 38.00 282.00 320.00 OK

Check Details

Version: 2.4.1
Check: package dependencies
Result: NOTE
    Package suggested but not available for checking: 'INLA'
Flavors: r-devel-linux-x86_64-debian-clang, r-devel-linux-x86_64-debian-gcc, r-devel-windows-x86_64, r-patched-linux-x86_64, r-release-linux-x86_64, r-release-macos-arm64, r-release-windows-x86_64, r-oldrel-macos-arm64, r-oldrel-macos-x86_64

Version: 2.4.1
Check: package dependencies
Result: ERROR
    Package required but not available: ‘GrassmannOptim’
    
    Package suggested but not available for checking: ‘INLA’
    
    See section ‘The DESCRIPTION file’ in the ‘Writing R Extensions’
    manual.
Flavor: r-release-macos-x86_64