CRAN Package Check Results for Package BCE

Last updated on 2024-02-20 19:50:59 CET.

Flavor Version Tinstall Tcheck Ttotal Status Flags
r-devel-linux-x86_64-debian-clang 2.2.0 NOTE
r-devel-linux-x86_64-debian-gcc 2.2.0 7.53 71.48 79.01 NOTE
r-devel-linux-x86_64-fedora-clang 2.2.0 128.42 NOTE
r-devel-linux-x86_64-fedora-gcc 2.2.0 126.23 NOTE
r-devel-windows-x86_64 2.2.0 9.00 88.00 97.00 NOTE
r-patched-linux-x86_64 2.2.0 12.84 93.21 106.05 NOTE
r-release-linux-x86_64 2.2.0 9.55 91.65 101.20 NOTE
r-release-macos-arm64 2.2.0 42.00 NOTE
r-release-macos-x86_64 2.2.0 64.00 NOTE
r-release-windows-x86_64 2.2.0 11.00 100.00 111.00 NOTE
r-oldrel-macos-arm64 2.2.0 41.00 OK
r-oldrel-windows-x86_64 2.2.0 12.00 106.00 118.00 OK

Check Details

Version: 2.2.0
Check: Rd files
Result: NOTE checkRd: (-1) BCE-1_5.Rd:175-197: Lost braces in \itemize; meant \describe ? checkRd: (-1) BCE-1_5.Rd:199-208: Lost braces in \itemize; meant \describe ? checkRd: (-1) BCE-1_5.Rd:210-212: Lost braces in \itemize; meant \describe ? checkRd: (-1) bce1.Rd:142-164: Lost braces in \itemize; meant \describe ? checkRd: (-1) bce1.Rd:166-175: Lost braces in \itemize; meant \describe ? checkRd: (-1) bce1.Rd:177-179: Lost braces in \itemize; meant \describe ? checkRd: (-1) tlsce.Rd:51: Escaped LaTeX specials: \_ checkRd: (-1) tlsce.Rd:55: Escaped LaTeX specials: \_ checkRd: (-1) tlsce.Rd:90: Escaped LaTeX specials: \_ checkRd: (-1) tlsce.Rd:93: Escaped LaTeX specials: \_ Flavors: r-devel-linux-x86_64-debian-clang, r-devel-linux-x86_64-debian-gcc

Version: 2.2.0
Check: Rd \usage sections
Result: NOTE S3 methods shown with full name in Rd file 'export.bce.Rd': ‘export.bce’ The \usage entries for S3 methods should use the \method markup and not their full name. See chapter ‘Writing R documentation files’ in the ‘Writing R Extensions’ manual. Flavors: r-devel-linux-x86_64-debian-clang, r-devel-linux-x86_64-debian-gcc, r-devel-linux-x86_64-fedora-clang, r-devel-linux-x86_64-fedora-gcc, r-devel-windows-x86_64

Version: 2.2.0
Check: Rd files
Result: NOTE checkRd: (-1) tlsce.Rd:51: Escaped LaTeX specials: \_ checkRd: (-1) tlsce.Rd:55: Escaped LaTeX specials: \_ checkRd: (-1) tlsce.Rd:90: Escaped LaTeX specials: \_ checkRd: (-1) tlsce.Rd:93: Escaped LaTeX specials: \_ Flavors: r-devel-linux-x86_64-fedora-clang, r-devel-linux-x86_64-fedora-gcc, r-devel-windows-x86_64, r-patched-linux-x86_64, r-release-linux-x86_64, r-release-macos-arm64, r-release-macos-x86_64, r-release-windows-x86_64

Version: 2.2.0
Check: Rd \usage sections
Result: NOTE S3 methods shown with full name in documentation object 'export.bce': ‘export.bce’ The \usage entries for S3 methods should use the \method markup and not their full name. See chapter ‘Writing R documentation files’ in the ‘Writing R Extensions’ manual. Flavors: r-patched-linux-x86_64, r-release-linux-x86_64, r-release-macos-arm64, r-release-macos-x86_64, r-release-windows-x86_64