CRAN Package Check Results for Package BCBCSF

Last updated on 2024-04-13 09:49:47 CEST.

Flavor Version Tinstall Tcheck Ttotal Status Flags
r-devel-linux-x86_64-debian-clang 1.0-1 3.76 41.87 45.63 NOTE
r-devel-linux-x86_64-debian-gcc 1.0-1 2.73 30.70 33.43 NOTE
r-devel-linux-x86_64-fedora-clang 1.0-1 56.92 NOTE
r-devel-linux-x86_64-fedora-gcc 1.0-1 59.15 NOTE
r-devel-windows-x86_64 1.0-1 6.00 58.00 64.00 OK
r-patched-linux-x86_64 1.0-1 3.07 40.61 43.68 NOTE
r-release-linux-x86_64 1.0-1 3.15 41.38 44.53 NOTE
r-release-macos-arm64 1.0-1 28.00 OK
r-release-macos-x86_64 1.0-1 35.00 OK
r-release-windows-x86_64 1.0-1 6.00 59.00 65.00 OK
r-oldrel-macos-arm64 1.0-1 27.00 OK
r-oldrel-windows-x86_64 1.0-1 10.00 66.00 76.00 OK

Check Details

Version: 1.0-1
Check: for non-standard things in the check directory
Result: NOTE Found the following files/directories: ‘.fitbcbcsf_alpha1_mu_3_n_31_p_4026_nfsel_20_biascor_1.RData’ ‘.fitbcbcsf_alpha1_mu_3_n_31_p_4026_nfsel_50_biascor_1.RData’ ‘.fitbcbcsf_alpha1_mu_3_n_53_p_4026_nfsel_20_biascor_1.RData’ ‘.fitbcbcsf_alpha1_mu_3_n_53_p_4026_nfsel_50_biascor_1.RData’ Flavors: r-devel-linux-x86_64-debian-clang, r-devel-linux-x86_64-debian-gcc, r-devel-linux-x86_64-fedora-clang, r-devel-linux-x86_64-fedora-gcc, r-patched-linux-x86_64, r-release-linux-x86_64

Version: 1.0-1
Check: compiled code
Result: NOTE File ‘BCBCSF/libs/BCBCSF.so’: Found no calls to: ‘R_registerRoutines’, ‘R_useDynamicSymbols’ It is good practice to register native routines and to disable symbol search. See ‘Writing portable packages’ in the ‘Writing R Extensions’ manual. Flavors: r-devel-linux-x86_64-fedora-clang, r-devel-linux-x86_64-fedora-gcc