CRAN Package Check Results for Package BAGofT

Last updated on 2021-09-20 08:50:03 CEST.

Flavor Version Tinstall Tcheck Ttotal Status Flags
r-devel-linux-x86_64-debian-clang 1.0.0 2.46 24.88 27.34 OK
r-devel-linux-x86_64-debian-gcc 1.0.0 1.88 18.98 20.86 OK
r-devel-linux-x86_64-fedora-clang 1.0.0 41.76 OK
r-devel-linux-x86_64-fedora-gcc 1.0.0 30.70 OK
r-devel-windows-x86_64 1.0.0 3.00 30.00 33.00 OK
r-devel-windows-x86_64-gcc10-UCRT 1.0.0 ERROR
r-patched-linux-x86_64 1.0.0 2.51 23.89 26.40 OK
r-patched-solaris-x86 1.0.0 47.60 OK
r-release-linux-x86_64 1.0.0 2.29 23.84 26.13 OK
r-release-macos-arm64 1.0.0 OK
r-release-macos-x86_64 1.0.0 OK
r-release-windows-ix86+x86_64 1.0.0 4.00 35.00 39.00 OK
r-oldrel-macos-x86_64 1.0.0 OK
r-oldrel-windows-ix86+x86_64 0.1.0 6.00 35.00 41.00 OK

Check Details

Version: 1.0.0
Check: whether package can be installed
Result: WARN
    Found the following significant warnings:
     WARNING: installation-time patches will not be applied, could not get the patches index
Flavor: r-devel-windows-x86_64-gcc10-UCRT

Version: 1.0.0
Check: PDF version of manual
Result: WARN
    LaTeX errors when creating PDF version.
    This typically indicates Rd problems.
Flavor: r-devel-windows-x86_64-gcc10-UCRT

Version: 1.0.0
Check: PDF version of manual without hyperrefs or index
Result: ERROR
    Re-running with no redirection of stdout/stderr.
Flavor: r-devel-windows-x86_64-gcc10-UCRT