CRAN Package Check Results for Package AutoWeatherIndices

Last updated on 2023-03-29 08:53:31 CEST.

Flavor Version Tinstall Tcheck Ttotal Status Flags
r-devel-linux-x86_64-debian-clang 0.1.0 1.85 20.05 21.90 OK
r-devel-linux-x86_64-debian-gcc 0.1.0 1.77 15.72 17.49 OK
r-devel-linux-x86_64-fedora-clang 0.1.0 30.91 NOTE
r-devel-linux-x86_64-fedora-gcc 0.1.0 26.88 NOTE
r-devel-windows-x86_64 0.1.0 14.00 0.00 14.00 OK
r-patched-linux-x86_64 0.1.0 1.90 19.93 21.83 OK
r-release-linux-x86_64 0.1.0 1.59 21.25 22.84 OK
r-release-macos-arm64 0.1.0 15.00 NOTE
r-release-macos-x86_64 0.1.0 19.00 NOTE
r-release-windows-x86_64 0.1.0 17.00 48.00 65.00 OK
r-oldrel-macos-arm64 0.1.0 17.00 NOTE
r-oldrel-macos-x86_64 0.1.0 23.00 NOTE
r-oldrel-windows-ix86+x86_64 0.1.0 7.00 45.00 52.00 OK

Check Details

Version: 0.1.0
Check: dependencies in R code
Result: NOTE
    Namespace in Imports field not imported from: ‘Hmisc’
     All declared Imports should be used.
Flavors: r-devel-linux-x86_64-fedora-clang, r-devel-linux-x86_64-fedora-gcc, r-release-macos-arm64, r-release-macos-x86_64, r-oldrel-macos-arm64, r-oldrel-macos-x86_64