CRAN Package Check Results for Package AutoStepwiseGLM

Last updated on 2021-12-01 19:51:29 CET.

Flavor Version Tinstall Tcheck Ttotal Status Flags
r-devel-linux-x86_64-debian-clang 0.2.0 13.21 114.26 127.47 NOTE
r-devel-linux-x86_64-debian-gcc 0.2.0 11.42 86.18 97.60 NOTE
r-devel-linux-x86_64-fedora-clang 0.2.0 164.65 NOTE
r-devel-linux-x86_64-fedora-gcc 0.2.0 159.14 NOTE
r-devel-windows-x86_64-new-UL 0.2.0 25.00 154.00 179.00 NOTE
r-devel-windows-x86_64-new-TK 0.2.0 NOTE
r-devel-windows-x86_64-old 0.2.0 23.00 105.00 128.00 NOTE
r-patched-linux-x86_64 0.2.0 11.60 106.23 117.83 NOTE
r-patched-solaris-x86 0.2.0 212.50 NOTE
r-release-linux-x86_64 0.2.0 11.62 108.80 120.42 NOTE
r-release-macos-arm64 0.2.0 NOTE
r-release-macos-x86_64 0.2.0 NOTE
r-release-windows-ix86+x86_64 0.2.0 33.00 100.00 133.00 NOTE
r-oldrel-macos-x86_64 0.2.0 OK
r-oldrel-windows-ix86+x86_64 0.2.0 25.00 102.00 127.00 OK

Check Details

Version: 0.2.0
Check: LazyData
Result: NOTE
     'LazyData' is specified without a 'data' directory
Flavors: r-devel-linux-x86_64-debian-clang, r-devel-linux-x86_64-debian-gcc, r-devel-linux-x86_64-fedora-clang, r-devel-linux-x86_64-fedora-gcc, r-devel-windows-x86_64-new-UL, r-devel-windows-x86_64-new-TK, r-devel-windows-x86_64-old, r-patched-linux-x86_64, r-patched-solaris-x86, r-release-linux-x86_64, r-release-macos-arm64, r-release-macos-x86_64, r-release-windows-ix86+x86_64