CRAN Package Check Results for Package AtmChile

Last updated on 2024-04-16 21:50:20 CEST.

Flavor Version Tinstall Tcheck Ttotal Status Flags
r-devel-linux-x86_64-debian-clang 1.0.1 6.54 45.11 51.65 OK
r-devel-linux-x86_64-debian-gcc 1.0.1 4.70 33.05 37.75 OK
r-devel-linux-x86_64-fedora-clang 1.0.1 63.96 NOTE
r-devel-linux-x86_64-fedora-gcc 1.0.1 66.63 NOTE
r-prerel-macos-arm64 1.0.1 38.00 OK
r-prerel-windows-x86_64 1.0.1 6.00 56.00 62.00 OK
r-patched-linux-x86_64 1.0.1 3.71 43.43 47.14 OK
r-release-linux-x86_64 1.0.1 3.78 42.87 46.65 OK
r-release-macos-arm64 1.0.1 30.00 OK
r-release-macos-x86_64 1.0.1 41.00 OK
r-release-windows-x86_64 1.0.1 9.00 61.00 70.00 OK
r-oldrel-macos-arm64 1.0.1 40.00 NOTE
r-oldrel-windows-x86_64 1.0.1 9.00 78.00 87.00 OK

Check Details

Version: 1.0.1
Check: dependencies in R code
Result: NOTE Namespaces in Imports field not imported from: ‘DT’ ‘lubridate’ ‘openair’ ‘plotly’ All declared Imports should be used. Flavors: r-devel-linux-x86_64-fedora-clang, r-devel-linux-x86_64-fedora-gcc, r-oldrel-macos-arm64