CRAN Package Check Results for Package AssocTests

Last updated on 2024-07-14 09:51:06 CEST.

Flavor Version Tinstall Tcheck Ttotal Status Flags
r-devel-linux-x86_64-debian-clang 1.0-1 14.27 106.48 120.75 OK
r-devel-linux-x86_64-debian-gcc 1.0-1 10.96 77.52 88.48 OK
r-devel-linux-x86_64-fedora-clang 1.0-1 142.81 OK
r-devel-linux-x86_64-fedora-gcc 1.0-1 134.99 OK
r-devel-windows-x86_64 1.0-1 12.00 87.00 99.00 NOTE
r-patched-linux-x86_64 1.0-1 14.34 100.23 114.57 OK
r-release-linux-x86_64 1.0-1 12.40 98.58 110.98 OK
r-release-macos-arm64 1.0-1 39.00 OK
r-release-macos-x86_64 1.0-1 63.00 OK
r-release-windows-x86_64 1.0-1 11.00 88.00 99.00 OK
r-oldrel-macos-arm64 1.0-1 47.00 OK
r-oldrel-macos-x86_64 1.0-1 71.00 OK
r-oldrel-windows-x86_64 1.0-1 14.00 108.00 122.00 OK

Check Details

Version: 1.0-1
Check: Rd cross-references
Result: NOTE Found the following Rd file(s) with Rd \link{} targets missing package anchors: nmax3.Rd: pmvnorm Please provide package anchors for all Rd \link{} targets not in the package itself and the base packages. Flavor: r-devel-windows-x86_64