CRAN Package Check Results for Package AovBay

Last updated on 2024-02-26 19:50:02 CET.

Flavor Version Tinstall Tcheck Ttotal Status Flags
r-devel-linux-x86_64-debian-clang 0.1.0 164.61 225.82 390.43 NOTE
r-devel-linux-x86_64-debian-gcc 0.1.0 148.31 170.78 319.09 NOTE
r-devel-linux-x86_64-fedora-clang 0.1.0 485.53 NOTE
r-devel-linux-x86_64-fedora-gcc 0.1.0 533.00 NOTE
r-devel-windows-x86_64 0.1.0 130.00 177.00 307.00 NOTE
r-patched-linux-x86_64 0.1.0 160.01 225.88 385.89 NOTE
r-release-linux-x86_64 0.1.0 168.49 223.97 392.46 NOTE
r-release-macos-arm64 0.1.0 126.00 NOTE
r-release-macos-x86_64 0.1.0 200.00 NOTE
r-release-windows-x86_64 0.1.0 173.00 222.00 395.00 NOTE
r-oldrel-macos-arm64 0.1.0 110.00 NOTE
r-oldrel-windows-x86_64 0.1.0 150.00 219.00 369.00 NOTE

Check Details

Version: 0.1.0
Check: for GNU extensions in Makefiles
Result: NOTE GNU make is a SystemRequirements. Flavors: r-devel-linux-x86_64-debian-clang, r-devel-linux-x86_64-debian-gcc, r-devel-linux-x86_64-fedora-clang, r-devel-linux-x86_64-fedora-gcc, r-devel-windows-x86_64, r-patched-linux-x86_64, r-release-linux-x86_64, r-release-macos-arm64, r-release-macos-x86_64, r-release-windows-x86_64, r-oldrel-macos-arm64, r-oldrel-windows-x86_64

Version: 0.1.0
Check: package dependencies
Result: NOTE Imports includes 22 non-default packages. Importing from so many packages makes the package vulnerable to any of them becoming unavailable. Move as many as possible to Suggests and use conditionally. Flavor: r-devel-linux-x86_64-fedora-clang

Version: 0.1.0
Check: dependencies in R code
Result: NOTE Namespace in Imports field not imported from: ‘RcppParallel’ All declared Imports should be used. Flavors: r-devel-linux-x86_64-fedora-clang, r-devel-linux-x86_64-fedora-gcc, r-oldrel-macos-arm64

Version: 0.1.0
Check: installed package size
Result: NOTE installed size is 34.0Mb sub-directories of 1Mb or more: libs 33.7Mb Flavors: r-release-macos-arm64, r-release-macos-x86_64, r-oldrel-macos-arm64