Last updated on 2023-03-31 08:53:53 CEST.
Flavor | Version | Tinstall | Tcheck | Ttotal | Status | Flags |
---|---|---|---|---|---|---|
r-devel-linux-x86_64-debian-clang | 0.1.0 | 146.86 | 183.70 | 330.56 | NOTE | |
r-devel-linux-x86_64-debian-gcc | 0.1.0 | 123.55 | 139.57 | 263.12 | NOTE | |
r-devel-linux-x86_64-fedora-clang | 0.1.0 | 431.58 | NOTE | |||
r-devel-linux-x86_64-fedora-gcc | 0.1.0 | 426.14 | NOTE | |||
r-devel-windows-x86_64 | 0.1.0 | 135.00 | 0.00 | 135.00 | NOTE | |
r-patched-linux-x86_64 | 0.1.0 | 131.08 | 176.84 | 307.92 | NOTE | |
r-release-linux-x86_64 | 0.1.0 | 132.24 | 179.67 | 311.91 | NOTE | |
r-release-macos-arm64 | 0.1.0 | 110.00 | NOTE | |||
r-release-macos-x86_64 | 0.1.0 | 186.00 | NOTE | |||
r-release-windows-x86_64 | 0.1.0 | 684.00 | 250.00 | 934.00 | NOTE | |
r-oldrel-macos-arm64 | 0.1.0 | 129.00 | NOTE | |||
r-oldrel-macos-x86_64 | 0.1.0 | 142.00 | NOTE | |||
r-oldrel-windows-ix86+x86_64 | 0.1.0 | 320.00 | 274.00 | 594.00 | NOTE |
Version: 0.1.0
Check: for GNU extensions in Makefiles
Result: NOTE
GNU make is a SystemRequirements.
Flavors: r-devel-linux-x86_64-debian-clang, r-devel-linux-x86_64-debian-gcc, r-devel-linux-x86_64-fedora-clang, r-devel-linux-x86_64-fedora-gcc, r-devel-windows-x86_64, r-patched-linux-x86_64, r-release-linux-x86_64, r-release-macos-arm64, r-release-macos-x86_64, r-release-windows-x86_64, r-oldrel-macos-arm64, r-oldrel-macos-x86_64, r-oldrel-windows-ix86+x86_64
Version: 0.1.0
Check: package dependencies
Result: NOTE
Imports includes 22 non-default packages.
Importing from so many packages makes the package vulnerable to any of
them becoming unavailable. Move as many as possible to Suggests and
use conditionally.
Flavor: r-devel-linux-x86_64-fedora-clang
Version: 0.1.0
Check: dependencies in R code
Result: NOTE
Namespace in Imports field not imported from: ‘RcppParallel’
All declared Imports should be used.
Flavors: r-devel-linux-x86_64-fedora-clang, r-devel-linux-x86_64-fedora-gcc, r-release-macos-arm64, r-release-macos-x86_64, r-oldrel-macos-arm64, r-oldrel-macos-x86_64
Version: 0.1.0
Check: installed package size
Result: NOTE
installed size is 33.2Mb
sub-directories of 1Mb or more:
libs 32.9Mb
Flavors: r-release-macos-arm64, r-release-macos-x86_64, r-oldrel-macos-arm64, r-oldrel-macos-x86_64
Version: 0.1.0
Check: R code for possible problems
Result: NOTE
Initiating curl with CURL_SSL_BACKEND: openssl
Flavor: r-oldrel-windows-ix86+x86_64