CRAN Package Check Results for Package AovBay

Last updated on 2021-12-02 19:53:03 CET.

Flavor Version Tinstall Tcheck Ttotal Status Flags
r-devel-linux-x86_64-debian-clang 0.1.0 130.84 165.40 296.24 NOTE
r-devel-linux-x86_64-debian-gcc 0.1.0 113.44 129.03 242.47 NOTE
r-devel-linux-x86_64-fedora-clang 0.1.0 409.64 NOTE
r-devel-linux-x86_64-fedora-gcc 0.1.0 429.70 NOTE
r-devel-windows-x86_64-new-UL 0.1.0 174.00 275.00 449.00 NOTE
r-devel-windows-x86_64-new-TK 0.1.0 NOTE
r-devel-windows-x86_64-old 0.1.0 172.00 178.00 350.00 NOTE
r-patched-linux-x86_64 0.1.0 130.49 160.99 291.48 NOTE
r-patched-solaris-x86 0.1.0 531.80 NOTE
r-release-linux-x86_64 0.1.0 121.90 161.91 283.81 NOTE
r-release-macos-arm64 0.1.0 NOTE
r-release-macos-x86_64 0.1.0 NOTE
r-release-windows-ix86+x86_64 0.1.0 317.00 289.00 606.00 NOTE
r-oldrel-macos-x86_64 0.1.0 NOTE
r-oldrel-windows-ix86+x86_64 0.1.0 319.00 295.00 614.00 NOTE

Check Details

Version: 0.1.0
Check: for GNU extensions in Makefiles
Result: NOTE
    GNU make is a SystemRequirements.
Flavors: r-devel-linux-x86_64-debian-clang, r-devel-linux-x86_64-debian-gcc, r-devel-linux-x86_64-fedora-clang, r-devel-linux-x86_64-fedora-gcc, r-devel-windows-x86_64-new-UL, r-devel-windows-x86_64-new-TK, r-devel-windows-x86_64-old, r-patched-linux-x86_64, r-patched-solaris-x86, r-release-linux-x86_64, r-release-macos-arm64, r-release-macos-x86_64, r-release-windows-ix86+x86_64, r-oldrel-macos-x86_64, r-oldrel-windows-ix86+x86_64

Version: 0.1.0
Check: package dependencies
Result: NOTE
    Imports includes 22 non-default packages.
    Importing from so many packages makes the package vulnerable to any of
    them becoming unavailable. Move as many as possible to Suggests and
    use conditionally.
Flavor: r-devel-linux-x86_64-fedora-clang

Version: 0.1.0
Check: installed package size
Result: NOTE
     installed size is 22.9Mb
     sub-directories of 1Mb or more:
     libs 22.6Mb
Flavors: r-devel-linux-x86_64-fedora-clang, r-release-macos-arm64, r-release-macos-x86_64, r-oldrel-macos-x86_64

Version: 0.1.0
Check: dependencies in R code
Result: NOTE
    Namespace in Imports field not imported from: ‘RcppParallel’
     All declared Imports should be used.
Flavors: r-devel-linux-x86_64-fedora-clang, r-devel-linux-x86_64-fedora-gcc, r-devel-windows-x86_64-new-TK, r-patched-solaris-x86, r-release-macos-arm64, r-release-macos-x86_64, r-oldrel-macos-x86_64

Version: 0.1.0
Check: line endings in C/C++/Fortran sources/headers
Result: NOTE
    Found the following sources/headers with CR or CRLF line endings:
     src/RcppExports.cpp
    Some Unix compilers require LF line endings.
Flavor: r-devel-windows-x86_64-new-TK