CRAN Package Check Results for Package Anthropometry

Last updated on 2021-11-28 07:50:36 CET.

Flavor Version Tinstall Tcheck Ttotal Status Flags
r-devel-linux-x86_64-debian-clang 1.16 OK
r-devel-linux-x86_64-debian-gcc 1.16 11.33 85.60 96.93 ERROR
r-devel-linux-x86_64-fedora-clang 1.16 176.99 ERROR
r-devel-linux-x86_64-fedora-gcc 1.16 164.72 ERROR
r-devel-windows-x86_64-new-UL 1.16 34.00 212.00 246.00 OK
r-devel-windows-x86_64-new-TK 1.16 OK
r-devel-windows-x86_64-old 1.16 19.00 152.00 171.00 OK
r-patched-linux-x86_64 1.16 21.40 124.96 146.36 OK
r-patched-solaris-x86 1.16 235.80 OK
r-release-linux-x86_64 1.16 14.35 128.46 142.81 OK
r-release-macos-arm64 1.16 OK
r-release-macos-x86_64 1.16 OK
r-release-windows-ix86+x86_64 1.16 32.00 237.00 269.00 OK
r-oldrel-macos-x86_64 1.16 OK
r-oldrel-windows-ix86+x86_64 1.16 36.00 208.00 244.00 OK

Check Details

Version: 1.16
Check: examples
Result: ERROR
    Running examples in ‘Anthropometry-Ex.R’ failed
    The error most likely occurred in:
    
    > base::assign(".ptime", proc.time(), pos = "CheckExEnv")
    > ### Name: HartiganShapes
    > ### Title: Hartigan-Wong k-means for 3D shapes
    > ### Aliases: HartiganShapes
    > ### Keywords: array
    >
    > ### ** Examples
    >
    > #CLUSTERING INDIVIDUALS ACCORDING TO THEIR SHAPE:
    > landmarksNoNa <- na.exclude(landmarksSampleSpaSurv)
    > dim(landmarksNoNa)
    [1] 574 198
    > #[1] 574 198
    > numLandmarks <- (dim(landmarksNoNa)[2]) / 3
    > #[1] 66
    > #As a toy example, only the first 20 individuals are used.
    > landmarksNoNa_First20 <- landmarksNoNa[1:20, ]
    > (numIndiv <- dim(landmarksNoNa_First20)[1])
    [1] 20
    > #[1] 20
    >
    > array3D <- array3Dlandm(numLandmarks, numIndiv, landmarksNoNa_First20)
    Error in dg[, l, k] <- as.matrix(as.vector(matLandm[k, ][seq(l, dim(matLandm)[2] + :
     incorrect number of subscripts
    Calls: array3Dlandm
    Execution halted
Flavor: r-devel-linux-x86_64-debian-gcc

Version: 1.16
Check: examples
Result: ERROR
    Running examples in ‘Anthropometry-Ex.R’ failed
    The error most likely occurred in:
    
    > ### Name: HartiganShapes
    > ### Title: Hartigan-Wong k-means for 3D shapes
    > ### Aliases: HartiganShapes
    > ### Keywords: array
    >
    > ### ** Examples
    >
    > #CLUSTERING INDIVIDUALS ACCORDING TO THEIR SHAPE:
    > landmarksNoNa <- na.exclude(landmarksSampleSpaSurv)
    > dim(landmarksNoNa)
    [1] 574 198
    > #[1] 574 198
    > numLandmarks <- (dim(landmarksNoNa)[2]) / 3
    > #[1] 66
    > #As a toy example, only the first 20 individuals are used.
    > landmarksNoNa_First20 <- landmarksNoNa[1:20, ]
    > (numIndiv <- dim(landmarksNoNa_First20)[1])
    [1] 20
    > #[1] 20
    >
    > array3D <- array3Dlandm(numLandmarks, numIndiv, landmarksNoNa_First20)
    Error in dg[, l, k] <- as.matrix(as.vector(matLandm[k, ][seq(l, dim(matLandm)[2] + :
     incorrect number of subscripts
    Calls: array3Dlandm
    Execution halted
Flavors: r-devel-linux-x86_64-fedora-clang, r-devel-linux-x86_64-fedora-gcc