CRAN Package Check Results for Package AntWeb

Last updated on 2021-12-05 07:49:03 CET.

Flavor Version Tinstall Tcheck Ttotal Status Flags
r-devel-linux-x86_64-debian-clang 0.7 3.00 28.65 31.65 NOTE
r-devel-linux-x86_64-debian-gcc 0.7 1.65 29.24 30.89 NOTE
r-devel-linux-x86_64-fedora-clang 0.7 50.74 NOTE
r-devel-linux-x86_64-fedora-gcc 0.7 43.70 NOTE
r-devel-windows-x86_64-new-UL 0.7 8.00 64.00 72.00 NOTE
r-devel-windows-x86_64-new-TK 0.7 NOTE
r-devel-windows-x86_64-old 0.7 6.00 37.00 43.00 NOTE
r-patched-linux-x86_64 0.7 3.17 28.40 31.57 NOTE
r-release-linux-x86_64 0.7 2.86 35.72 38.58 NOTE
r-release-macos-arm64 0.7 NOTE
r-release-macos-x86_64 0.7 NOTE
r-release-windows-ix86+x86_64 0.7 7.00 50.00 57.00 NOTE
r-oldrel-macos-x86_64 0.7 NOTE
r-oldrel-windows-ix86+x86_64 0.7 7.00 50.00 57.00 NOTE

Check Details

Version: 0.7
Check: R code for possible problems
Result: NOTE
    aw_map: no visible global function definition for 'browseURL'
    Undefined global functions or variables:
     browseURL
    Consider adding
     importFrom("utils", "browseURL")
    to your NAMESPACE file.
Flavors: r-devel-linux-x86_64-debian-clang, r-devel-linux-x86_64-debian-gcc, r-devel-linux-x86_64-fedora-clang, r-devel-linux-x86_64-fedora-gcc, r-devel-windows-x86_64-new-UL, r-devel-windows-x86_64-new-TK, r-devel-windows-x86_64-old, r-patched-linux-x86_64, r-release-linux-x86_64, r-release-macos-arm64, r-release-macos-x86_64, r-release-windows-ix86+x86_64, r-oldrel-macos-x86_64, r-oldrel-windows-ix86+x86_64

Version: 0.7
Check: LazyData
Result: NOTE
     'LazyData' is specified without a 'data' directory
Flavors: r-devel-linux-x86_64-debian-clang, r-devel-linux-x86_64-debian-gcc, r-devel-linux-x86_64-fedora-clang, r-devel-linux-x86_64-fedora-gcc, r-devel-windows-x86_64-new-UL, r-devel-windows-x86_64-new-TK, r-devel-windows-x86_64-old, r-patched-linux-x86_64, r-release-linux-x86_64, r-release-macos-arm64, r-release-macos-x86_64, r-release-windows-ix86+x86_64