CRAN Package Check Results for Package AntMAN

Last updated on 2022-01-25 07:49:59 CET.

Flavor Version Tinstall Tcheck Ttotal Status Flags
r-devel-linux-x86_64-debian-clang 1.1.0 70.80 308.40 379.20 OK
r-devel-linux-x86_64-debian-gcc 1.1.0 56.03 296.86 352.89 OK
r-devel-linux-x86_64-fedora-clang 1.1.0 438.92 NOTE
r-devel-linux-x86_64-fedora-gcc 1.1.0 521.82 NOTE
r-devel-windows-x86_64-new-UL 1.1.0 111.00 355.00 466.00 OK
r-devel-windows-x86_64-new-TK 1.1.0 NOTE
r-patched-linux-x86_64 1.1.0 69.06 299.34 368.40 OK
r-release-linux-x86_64 1.1.0 58.16 303.15 361.31 OK
r-release-macos-arm64 1.1.0 NOTE
r-release-macos-x86_64 1.1.0 NOTE
r-release-windows-ix86+x86_64 1.1.0 164.00 609.00 773.00 OK
r-oldrel-macos-x86_64 1.1.0 NOTE
r-oldrel-windows-ix86+x86_64 1.1.0 165.00 623.00 788.00 OK

Check Details

Version: 1.1.0
Check: dependencies in R code
Result: NOTE
    Namespaces in Imports field not imported from:
     ‘Rdpack’ ‘mcclust’
     All declared Imports should be used.
Flavors: r-devel-linux-x86_64-fedora-clang, r-devel-linux-x86_64-fedora-gcc, r-devel-windows-x86_64-new-TK, r-release-macos-arm64, r-release-macos-x86_64, r-oldrel-macos-x86_64

Version: 1.1.0
Check: installed package size
Result: NOTE
     installed size is 7.0Mb
     sub-directories of 1Mb or more:
     libs 6.6Mb
Flavors: r-release-macos-arm64, r-release-macos-x86_64, r-oldrel-macos-x86_64