CRAN Package Check Results for Package AntAngioCOOL

Last updated on 2021-12-01 19:51:28 CET.

Flavor Version Tinstall Tcheck Ttotal Status Flags
r-devel-linux-x86_64-debian-clang 1.2 62.56 241.08 303.64 OK
r-devel-linux-x86_64-debian-gcc 1.2 52.57 184.38 236.95 OK
r-devel-linux-x86_64-fedora-clang 1.2 385.85 NOTE
r-devel-linux-x86_64-fedora-gcc 1.2 399.35 OK
r-devel-windows-x86_64-new-UL 1.2 86.00 244.00 330.00 NOTE
r-devel-windows-x86_64-new-TK 1.2 OK
r-devel-windows-x86_64-old 1.2 96.00 176.00 272.00 NOTE
r-patched-linux-x86_64 1.2 57.48 230.69 288.17 OK
r-release-linux-x86_64 1.2 58.46 235.50 293.96 OK
r-release-macos-arm64 1.2 NOTE
r-release-macos-x86_64 1.2 NOTE
r-release-windows-ix86+x86_64 1.2 131.00 183.00 314.00 NOTE
r-oldrel-macos-x86_64 1.2 NOTE
r-oldrel-windows-ix86+x86_64 1.2 93.00 176.00 269.00 NOTE

Check Details

Version: 1.2
Check: installed package size
Result: NOTE
     installed size is 35.4Mb
     sub-directories of 1Mb or more:
     R 35.3Mb
Flavors: r-devel-linux-x86_64-fedora-clang, r-devel-windows-x86_64-new-UL, r-devel-windows-x86_64-old, r-release-macos-arm64, r-release-macos-x86_64, r-release-windows-ix86+x86_64, r-oldrel-macos-x86_64, r-oldrel-windows-ix86+x86_64