Last updated on 2023-12-10 19:49:04 CET.
Flavor | Version | Tinstall | Tcheck | Ttotal | Status | Flags |
---|---|---|---|---|---|---|
r-devel-linux-x86_64-debian-clang | 1.0-0 | 13.00 | 124.63 | 137.63 | NOTE | |
r-devel-linux-x86_64-debian-gcc | 1.0-0 | 11.51 | 91.82 | 103.33 | NOTE | |
r-devel-linux-x86_64-fedora-clang | 1.0-0 | 178.51 | NOTE | |||
r-devel-linux-x86_64-fedora-gcc | 1.0-0 | 163.81 | NOTE | |||
r-devel-windows-x86_64 | 1.0-0 | 14.00 | 114.00 | 128.00 | NOTE | |
r-patched-linux-x86_64 | 1.0-0 | 11.56 | 119.52 | 131.08 | NOTE | |
r-release-linux-x86_64 | 1.0-0 | 12.41 | 119.61 | 132.02 | NOTE | |
r-release-macos-arm64 | 1.0-0 | 42.00 | NOTE | |||
r-release-macos-x86_64 | 1.0-0 | 65.00 | NOTE | |||
r-release-windows-x86_64 | 1.0-0 | 18.00 | 140.00 | 158.00 | NOTE | |
r-oldrel-macos-arm64 | 1.0-0 | 39.00 | OK | |||
r-oldrel-macos-x86_64 | 1.0-0 | 85.00 | OK | |||
r-oldrel-windows-x86_64 | 1.0-0 | 18.00 | 137.00 | 155.00 | OK |
Version: 1.0-0
Check: Rd files
Result: NOTE
checkRd: (-1) PV_post_triang_3.Rd:7: Escaped LaTeX specials: \_ \_
checkRd: (-1) PV_post_triang_3.Rd:22: Escaped LaTeX specials: \_ \_
checkRd: (-1) PV_pre_triang_3.Rd:7: Escaped LaTeX specials: \_ \_
checkRd: (-1) PV_pre_triang_3.Rd:22: Escaped LaTeX specials: \_ \_
Flavors: r-devel-linux-x86_64-debian-clang, r-devel-linux-x86_64-debian-gcc, r-devel-linux-x86_64-fedora-clang, r-devel-linux-x86_64-fedora-gcc, r-devel-windows-x86_64, r-patched-linux-x86_64, r-release-linux-x86_64, r-release-macos-arm64, r-release-macos-x86_64, r-release-windows-x86_64