CRAN Package Check Results for Package AnnuityRIR

Last updated on 2024-07-14 09:51:06 CEST.

Flavor Version Tinstall Tcheck Ttotal Status Flags
r-devel-linux-x86_64-debian-clang 1.0-0 13.13 125.70 138.83 NOTE
r-devel-linux-x86_64-debian-gcc 1.0-0 10.43 90.45 100.88 NOTE
r-devel-linux-x86_64-fedora-clang 1.0-0 171.50 NOTE
r-devel-linux-x86_64-fedora-gcc 1.0-0 158.04 NOTE
r-devel-windows-x86_64 1.0-0 13.00 115.00 128.00 NOTE
r-patched-linux-x86_64 1.0-0 13.89 115.47 129.36 NOTE
r-release-linux-x86_64 1.0-0 11.49 116.59 128.08 NOTE
r-release-macos-arm64 1.0-0 46.00 NOTE
r-release-macos-x86_64 1.0-0 67.00 NOTE
r-release-windows-x86_64 1.0-0 14.00 113.00 127.00 NOTE
r-oldrel-macos-arm64 1.0-0 42.00 NOTE
r-oldrel-macos-x86_64 1.0-0 65.00 NOTE
r-oldrel-windows-x86_64 1.0-0 17.00 142.00 159.00 NOTE

Check Details

Version: 1.0-0
Check: Rd files
Result: NOTE checkRd: (-1) PV_post_triang_3.Rd:7: Escaped LaTeX specials: \_ \_ checkRd: (-1) PV_post_triang_3.Rd:22: Escaped LaTeX specials: \_ \_ checkRd: (-1) PV_pre_triang_3.Rd:7: Escaped LaTeX specials: \_ \_ checkRd: (-1) PV_pre_triang_3.Rd:22: Escaped LaTeX specials: \_ \_ Flavors: r-devel-linux-x86_64-debian-clang, r-devel-linux-x86_64-debian-gcc, r-devel-linux-x86_64-fedora-clang, r-devel-linux-x86_64-fedora-gcc, r-devel-windows-x86_64, r-patched-linux-x86_64, r-release-linux-x86_64, r-release-macos-arm64, r-release-macos-x86_64, r-release-windows-x86_64, r-oldrel-macos-arm64, r-oldrel-macos-x86_64, r-oldrel-windows-x86_64