Last updated on 2023-06-05 21:59:00 CEST.
Flavor | Version | Tinstall | Tcheck | Ttotal | Status | Flags |
---|---|---|---|---|---|---|
r-devel-linux-x86_64-debian-clang | 1.0-0 | 10.35 | 99.12 | 109.47 | NOTE | |
r-devel-linux-x86_64-debian-gcc | 1.0-0 | 8.89 | 75.98 | 84.87 | NOTE | |
r-devel-linux-x86_64-fedora-clang | 1.0-0 | 136.73 | NOTE | |||
r-devel-linux-x86_64-fedora-gcc | 1.0-0 | 132.25 | NOTE | |||
r-devel-windows-x86_64 | 1.0-0 | 12.00 | 97.00 | 109.00 | NOTE | |
r-patched-linux-x86_64 | 1.0-0 | 9.12 | 96.62 | 105.74 | NOTE | |
r-release-linux-x86_64 | 1.0-0 | 10.58 | 94.77 | 105.35 | NOTE | |
r-release-macos-arm64 | 1.0-0 | 42.00 | NOTE | |||
r-release-macos-x86_64 | 1.0-0 | 65.00 | NOTE | |||
r-release-windows-x86_64 | 1.0-0 | 14.00 | 119.00 | 133.00 | NOTE | |
r-oldrel-macos-arm64 | 1.0-0 | 39.00 | OK | |||
r-oldrel-macos-x86_64 | 1.0-0 | 85.00 | OK | |||
r-oldrel-windows-x86_64 | 1.0-0 | 14.00 | 124.00 | 138.00 | OK |
Version: 1.0-0
Check: Rd files
Result: NOTE
checkRd: (-1) PV_post_triang_3.Rd:7: Escaped LaTeX specials: \_ \_
checkRd: (-1) PV_post_triang_3.Rd:22: Escaped LaTeX specials: \_ \_
checkRd: (-1) PV_pre_triang_3.Rd:7: Escaped LaTeX specials: \_ \_
checkRd: (-1) PV_pre_triang_3.Rd:22: Escaped LaTeX specials: \_ \_
Flavors: r-devel-linux-x86_64-debian-clang, r-devel-linux-x86_64-debian-gcc, r-devel-linux-x86_64-fedora-clang, r-devel-linux-x86_64-fedora-gcc, r-devel-windows-x86_64, r-patched-linux-x86_64, r-release-linux-x86_64, r-release-macos-arm64, r-release-macos-x86_64, r-release-windows-x86_64