CRAN Package Check Results for Package AnnotLists

Last updated on 2021-11-29 20:50:35 CET.

Flavor Version Tinstall Tcheck Ttotal Status Flags
r-devel-linux-x86_64-debian-clang 1.2 2.11 21.24 23.35 NOTE
r-devel-linux-x86_64-debian-gcc 1.2 1.88 18.02 19.90 NOTE
r-devel-linux-x86_64-fedora-clang 1.2 41.62 NOTE
r-devel-linux-x86_64-fedora-gcc 1.2 33.59 NOTE
r-devel-windows-x86_64-new-UL 1.2 5.00 60.00 65.00 NOTE
r-devel-windows-x86_64-new-TK 1.2 NOTE
r-devel-windows-x86_64-old 1.2 4.00 29.00 33.00 NOTE
r-patched-linux-x86_64 1.2 2.29 21.41 23.70 NOTE
r-patched-solaris-x86 1.2 49.10 NOTE
r-release-linux-x86_64 1.2 2.20 22.51 24.71 NOTE
r-release-macos-arm64 1.2 NOTE
r-release-macos-x86_64 1.2 NOTE
r-release-windows-ix86+x86_64 1.2 5.00 43.00 48.00 NOTE
r-oldrel-macos-x86_64 1.2 NOTE
r-oldrel-windows-ix86+x86_64 1.2 4.00 38.00 42.00 NOTE

Check Details

Version: 1.2
Check: DESCRIPTION meta-information
Result: NOTE
    Malformed Title field: should not end in a period.
Flavors: r-devel-linux-x86_64-debian-clang, r-devel-linux-x86_64-debian-gcc, r-devel-linux-x86_64-fedora-clang, r-devel-linux-x86_64-fedora-gcc, r-devel-windows-x86_64-new-UL, r-devel-windows-x86_64-new-TK, r-devel-windows-x86_64-old, r-patched-linux-x86_64, r-patched-solaris-x86, r-release-linux-x86_64, r-release-macos-arm64, r-release-macos-x86_64, r-release-windows-ix86+x86_64, r-oldrel-macos-x86_64, r-oldrel-windows-ix86+x86_64

Version: 1.2
Check: dependencies in R code
Result: NOTE
    'library' or 'require' call to 'tcltk' which was already attached by Depends.
     Please remove these calls from your code.
Flavors: r-devel-linux-x86_64-debian-clang, r-devel-linux-x86_64-debian-gcc, r-devel-linux-x86_64-fedora-clang, r-devel-linux-x86_64-fedora-gcc, r-devel-windows-x86_64-new-UL, r-devel-windows-x86_64-new-TK, r-devel-windows-x86_64-old, r-patched-linux-x86_64, r-patched-solaris-x86, r-release-linux-x86_64, r-release-macos-arm64, r-release-macos-x86_64, r-release-windows-ix86+x86_64, r-oldrel-macos-x86_64, r-oldrel-windows-ix86+x86_64

Version: 1.2
Check: R code for possible problems
Result: NOTE
    annot : annotlist: no visible global function definition for
     'read.table'
    annot : annotlist: no visible global function definition for
     'write.table'
    annot: no visible global function definition for 'flush.console'
    annot: no visible global function definition for 'read.table'
    Undefined global functions or variables:
     flush.console read.table write.table
    Consider adding
     importFrom("utils", "flush.console", "read.table", "write.table")
    to your NAMESPACE file.
Flavors: r-devel-linux-x86_64-debian-clang, r-devel-linux-x86_64-debian-gcc, r-devel-linux-x86_64-fedora-clang, r-devel-linux-x86_64-fedora-gcc, r-patched-linux-x86_64, r-patched-solaris-x86, r-release-linux-x86_64, r-release-macos-arm64, r-release-macos-x86_64, r-oldrel-macos-x86_64

Version: 1.2
Check: R code for possible problems
Result: NOTE
    annot : annotlist: no visible global function definition for
     'read.table'
    annot : annotlist: no visible global function definition for
     'write.table'
    annot: no visible global function definition for 'flush.console'
    annot: no visible global function definition for 'read.table'
    annot: no visible global function definition for 'choose.dir'
    Undefined global functions or variables:
     choose.dir flush.console read.table write.table
    Consider adding
     importFrom("utils", "choose.dir", "flush.console", "read.table",
     "write.table")
    to your NAMESPACE file.
Flavors: r-devel-windows-x86_64-new-UL, r-devel-windows-x86_64-new-TK, r-devel-windows-x86_64-old, r-release-windows-ix86+x86_64, r-oldrel-windows-ix86+x86_64