CRAN Package Check Results for Package Andromeda

Last updated on 2021-11-28 07:50:36 CET.

Flavor Version Tinstall Tcheck Ttotal Status Flags
r-devel-linux-x86_64-debian-clang 0.5.0 OK
r-devel-linux-x86_64-debian-gcc 0.5.0 6.17 58.21 64.38 OK
r-devel-linux-x86_64-fedora-clang 0.5.0 117.91 NOTE
r-devel-linux-x86_64-fedora-gcc 0.5.0 100.41 NOTE
r-devel-windows-x86_64-new-UL 0.5.0 18.00 153.00 171.00 OK
r-devel-windows-x86_64-new-TK 0.5.0 NOTE
r-devel-windows-x86_64-old 0.5.0 10.00 88.00 98.00 OK
r-patched-linux-x86_64 0.5.0 12.02 71.63 83.65 OK
r-patched-solaris-x86 0.5.0 131.30 NOTE
r-release-linux-x86_64 0.5.0 6.96 74.64 81.60 OK
r-release-macos-arm64 0.5.0 NOTE
r-release-macos-x86_64 0.5.0 NOTE
r-release-windows-ix86+x86_64 0.5.0 17.00 112.00 129.00 OK
r-oldrel-macos-x86_64 0.5.0 NOTE
r-oldrel-windows-ix86+x86_64 0.5.0 30.00 108.00 138.00 OK

Check Details

Version: 0.5.0
Check: dependencies in R code
Result: NOTE
    Namespace in Imports field not imported from: ‘hms’
     All declared Imports should be used.
Flavors: r-devel-linux-x86_64-fedora-clang, r-devel-linux-x86_64-fedora-gcc, r-devel-windows-x86_64-new-TK, r-patched-solaris-x86, r-release-macos-arm64, r-release-macos-x86_64, r-oldrel-macos-x86_64