CRAN Package Check Results for Package AncestryMapper

Last updated on 2021-09-22 08:49:56 CEST.

Flavor Version Tinstall Tcheck Ttotal Status Flags
r-devel-linux-x86_64-debian-clang 2.0 4.92 81.21 86.13 OK
r-devel-linux-x86_64-debian-gcc 2.0 3.87 64.00 67.87 OK
r-devel-linux-x86_64-fedora-clang 2.0 113.83 OK
r-devel-linux-x86_64-fedora-gcc 2.0 104.24 OK
r-devel-windows-x86_64 2.0 9.00 96.00 105.00 OK
r-devel-windows-x86_64-gcc10-UCRT 2.0 ERROR
r-patched-linux-x86_64 2.0 4.50 79.09 83.59 OK
r-patched-solaris-x86 2.0 169.80 OK
r-release-linux-x86_64 2.0 4.96 78.82 83.78 OK
r-release-macos-arm64 2.0 OK
r-release-macos-x86_64 2.0 OK
r-release-windows-ix86+x86_64 2.0 12.00 126.00 138.00 OK
r-oldrel-macos-x86_64 2.0 OK
r-oldrel-windows-ix86+x86_64 2.0 31.00 94.00 125.00 OK

Check Details

Version: 2.0
Check: PDF version of manual
Result: WARN
    LaTeX errors when creating PDF version.
    This typically indicates Rd problems.
Flavor: r-devel-windows-x86_64-gcc10-UCRT

Version: 2.0
Check: PDF version of manual without hyperrefs or index
Result: ERROR
    Re-running with no redirection of stdout/stderr.
Flavor: r-devel-windows-x86_64-gcc10-UCRT