CRAN Package Check Results for Package Amelia

Last updated on 2021-11-27 19:49:27 CET.

Flavor Version Tinstall Tcheck Ttotal Status Flags
r-devel-linux-x86_64-debian-clang 1.8.0 OK
r-devel-linux-x86_64-debian-gcc 1.8.0 30.78 64.00 94.78 OK
r-devel-linux-x86_64-fedora-clang 1.8.0 179.56 NOTE
r-devel-linux-x86_64-fedora-gcc 1.8.0 166.47 OK
r-devel-windows-x86_64-new-UL 1.8.0 62.00 170.00 232.00 OK
r-devel-windows-x86_64-new-TK 1.8.0 OK
r-devel-windows-x86_64-old 1.8.0 37.00 113.00 150.00 OK
r-patched-linux-x86_64 1.8.0 33.84 74.28 108.12 OK
r-patched-solaris-x86 1.8.0 146.90 OK
r-release-linux-x86_64 1.8.0 OK
r-release-macos-arm64 1.8.0 NOTE
r-release-macos-x86_64 1.8.0 NOTE
r-release-windows-ix86+x86_64 1.8.0 87.00 131.00 218.00 OK
r-oldrel-macos-x86_64 1.8.0 NOTE
r-oldrel-windows-ix86+x86_64 1.8.0 65.00 129.00 194.00 OK

Check Details

Version: 1.8.0
Check: installed package size
Result: NOTE
     installed size is 5.0Mb
     sub-directories of 1Mb or more:
     doc 1.4Mb
     libs 2.9Mb
Flavors: r-devel-linux-x86_64-fedora-clang, r-release-macos-arm64, r-release-macos-x86_64, r-oldrel-macos-x86_64