CRAN Package Check Results for Package Ake

Last updated on 2021-09-21 08:49:28 CEST.

Flavor Version Tinstall Tcheck Ttotal Status Flags
r-devel-linux-x86_64-debian-clang 1.0 2.75 29.27 32.02 NOTE
r-devel-linux-x86_64-debian-gcc 1.0 1.96 22.21 24.17 NOTE
r-devel-linux-x86_64-fedora-clang 1.0 47.05 NOTE
r-devel-linux-x86_64-fedora-gcc 1.0 36.55 NOTE
r-devel-windows-x86_64 1.0 4.00 31.00 35.00 NOTE
r-devel-windows-x86_64-gcc10-UCRT 1.0 ERROR
r-patched-linux-x86_64 1.0 2.66 29.13 31.79 NOTE
r-patched-solaris-x86 1.0 55.50 NOTE
r-release-linux-x86_64 1.0 2.61 28.12 30.73 NOTE
r-release-macos-arm64 1.0 NOTE
r-release-macos-x86_64 1.0 NOTE
r-release-windows-ix86+x86_64 1.0 6.00 41.00 47.00 NOTE
r-oldrel-macos-x86_64 1.0 NOTE
r-oldrel-windows-ix86+x86_64 1.0 5.00 41.00 46.00 NOTE

Check Details

Version: 1.0
Check: R code for possible problems
Result: NOTE
    dke.fun.default: no visible global function definition for 'hist'
    kef: no visible global function definition for 'dbinom'
    kef: no visible global function definition for 'dgamma'
    kef: no visible global function definition for 'dlnorm'
    plot.dke.fun: no visible global function definition for 'hist'
    plot.dke.fun: no visible global function definition for 'lines'
    plot.hcvc.fun1d: no visible global function definition for
     'plot.default'
    plot.hcvd.fun1d: no visible global function definition for
     'plot.default'
    plot.kern.fun1d: no visible global function definition for
     'plot.default'
    plot.kpmfe.fun1d: no visible global function definition for
     'plot.default'
    plot.reg.fun1d: no visible global function definition for
     'plot.default'
    simp_int: no visible global function definition for 'approx'
    Undefined global functions or variables:
     approx dbinom dgamma dlnorm hist lines plot.default
    Consider adding
     importFrom("graphics", "hist", "lines", "plot.default")
     importFrom("stats", "approx", "dbinom", "dgamma", "dlnorm")
    to your NAMESPACE file.
Flavors: r-devel-linux-x86_64-debian-clang, r-devel-linux-x86_64-debian-gcc, r-devel-linux-x86_64-fedora-clang, r-devel-linux-x86_64-fedora-gcc, r-devel-windows-x86_64, r-devel-windows-x86_64-gcc10-UCRT, r-patched-linux-x86_64, r-patched-solaris-x86, r-release-linux-x86_64, r-release-macos-arm64, r-release-macos-x86_64, r-release-windows-ix86+x86_64, r-oldrel-macos-x86_64, r-oldrel-windows-ix86+x86_64

Version: 1.0
Check: whether package can be installed
Result: WARN
    Found the following significant warnings:
     WARNING: installation-time patches will not be applied, could not get the patches index
Flavor: r-devel-windows-x86_64-gcc10-UCRT

Version: 1.0
Check: PDF version of manual
Result: WARN
    LaTeX errors when creating PDF version.
    This typically indicates Rd problems.
Flavor: r-devel-windows-x86_64-gcc10-UCRT

Version: 1.0
Check: PDF version of manual without hyperrefs or index
Result: ERROR
    Re-running with no redirection of stdout/stderr.
Flavor: r-devel-windows-x86_64-gcc10-UCRT