CRAN Package Check Results for Package AirSensor

Last updated on 2021-12-05 19:49:15 CET.

Flavor Version Tinstall Tcheck Ttotal Status Flags
r-devel-linux-x86_64-debian-clang 1.0.8 13.94 169.60 183.54 OK
r-devel-linux-x86_64-debian-gcc 1.0.8 10.95 130.81 141.76 OK
r-devel-linux-x86_64-fedora-clang 1.0.8 229.72 NOTE
r-devel-linux-x86_64-fedora-gcc 1.0.8 242.94 NOTE
r-devel-windows-x86_64-new-UL 1.0.8 38.00 287.00 325.00 OK
r-devel-windows-x86_64-new-TK 1.0.8 NOTE
r-devel-windows-x86_64-old 1.0.8 18.00 190.00 208.00 OK
r-patched-linux-x86_64 1.0.8 14.47 159.14 173.61 OK
r-release-linux-x86_64 1.0.8 12.98 168.49 181.47 OK
r-release-macos-arm64 1.0.8 NOTE
r-release-macos-x86_64 1.0.8 NOTE
r-release-windows-ix86+x86_64 1.0.8 30.00 240.00 270.00 OK
r-oldrel-macos-x86_64 1.0.8 NOTE
r-oldrel-windows-ix86+x86_64 1.0.8 30.00 239.00 269.00 OK

Check Details

Version: 1.0.8
Check: package dependencies
Result: NOTE
    Imports includes 34 non-default packages.
    Importing from so many packages makes the package vulnerable to any of
    them becoming unavailable. Move as many as possible to Suggests and
    use conditionally.
Flavor: r-devel-linux-x86_64-fedora-clang

Version: 1.0.8
Check: data for non-ASCII characters
Result: NOTE
     Note: found 90 marked UTF-8 strings
Flavors: r-devel-linux-x86_64-fedora-clang, r-devel-linux-x86_64-fedora-gcc, r-devel-windows-x86_64-new-TK, r-release-macos-arm64, r-release-macos-x86_64, r-oldrel-macos-x86_64