CRAN Package Check Results for Package AhoCorasickTrie

Last updated on 2024-06-24 21:56:42 CEST.

Flavor Version Tinstall Tcheck Ttotal Status Flags
r-devel-linux-x86_64-debian-clang 0.1.2 22.46 42.21 64.67 NOTE
r-devel-linux-x86_64-debian-gcc 0.1.2 14.89 33.42 48.31 NOTE
r-devel-linux-x86_64-fedora-clang 0.1.2 91.29 NOTE
r-devel-linux-x86_64-fedora-gcc 0.1.2 102.14 NOTE
r-devel-windows-x86_64 0.1.2 22.00 72.00 94.00 NOTE
r-patched-linux-x86_64 0.1.2 21.77 39.86 61.63 NOTE
r-release-linux-x86_64 0.1.2 20.72 41.93 62.65 NOTE
r-release-macos-arm64 0.1.2 31.00 NOTE
r-release-macos-x86_64 0.1.2 46.00 NOTE
r-release-windows-x86_64 0.1.2 20.00 73.00 93.00 NOTE
r-oldrel-macos-arm64 0.1.2 32.00 NOTE
r-oldrel-macos-x86_64 0.1.2 51.00 NOTE
r-oldrel-windows-x86_64 0.1.2 25.00 85.00 110.00 NOTE

Check Details

Version: 0.1.2
Check: C++ specification
Result: NOTE Specified C++11: please drop specification unless essential Flavors: r-devel-linux-x86_64-debian-clang, r-devel-linux-x86_64-debian-gcc, r-devel-linux-x86_64-fedora-clang, r-devel-linux-x86_64-fedora-gcc, r-devel-windows-x86_64, r-patched-linux-x86_64, r-release-linux-x86_64, r-release-macos-arm64, r-release-macos-x86_64, r-release-windows-x86_64, r-oldrel-macos-arm64, r-oldrel-macos-x86_64, r-oldrel-windows-x86_64

Version: 0.1.2
Check: LazyData
Result: NOTE 'LazyData' is specified without a 'data' directory Flavors: r-devel-linux-x86_64-debian-clang, r-devel-linux-x86_64-debian-gcc, r-devel-linux-x86_64-fedora-clang, r-devel-linux-x86_64-fedora-gcc, r-devel-windows-x86_64, r-patched-linux-x86_64, r-release-linux-x86_64, r-release-macos-arm64, r-release-macos-x86_64, r-release-windows-x86_64, r-oldrel-macos-arm64, r-oldrel-macos-x86_64, r-oldrel-windows-x86_64