CRAN Package Check Results for Package AhoCorasickTrie

Last updated on 2023-09-23 20:52:58 CEST.

Flavor Version Tinstall Tcheck Ttotal Status Flags
r-devel-linux-x86_64-debian-clang 0.1.2 21.27 43.94 65.21 NOTE
r-devel-linux-x86_64-debian-gcc 0.1.2 14.74 38.57 53.31 NOTE
r-devel-linux-x86_64-fedora-clang 0.1.2 95.16 NOTE
r-devel-linux-x86_64-fedora-gcc 0.1.2 103.62 NOTE
r-devel-windows-x86_64 0.1.2 21.00 73.00 94.00 NOTE
r-patched-linux-x86_64 0.1.2 24.13 41.78 65.91 NOTE
r-release-linux-x86_64 0.1.2 20.65 42.22 62.87 NOTE
r-release-macos-arm64 0.1.2 32.00 NOTE
r-release-macos-x86_64 0.1.2 51.00 NOTE
r-release-windows-x86_64 0.1.2 20.00 83.00 103.00 NOTE
r-oldrel-macos-arm64 0.1.2 33.00 NOTE
r-oldrel-macos-x86_64 0.1.2 47.00 NOTE
r-oldrel-windows-x86_64 0.1.2 24.00 85.00 109.00 NOTE

Check Details

Version: 0.1.2
Check: C++ specification
Result: NOTE
     Specified C++11: please drop specification unless essential
Flavors: r-devel-linux-x86_64-debian-clang, r-devel-linux-x86_64-debian-gcc, r-devel-linux-x86_64-fedora-clang, r-devel-linux-x86_64-fedora-gcc, r-devel-windows-x86_64, r-patched-linux-x86_64, r-release-linux-x86_64, r-release-macos-arm64, r-release-macos-x86_64, r-release-windows-x86_64

Version: 0.1.2
Check: LazyData
Result: NOTE
     'LazyData' is specified without a 'data' directory
Flavors: r-devel-linux-x86_64-debian-clang, r-devel-linux-x86_64-debian-gcc, r-devel-linux-x86_64-fedora-clang, r-devel-linux-x86_64-fedora-gcc, r-devel-windows-x86_64, r-patched-linux-x86_64, r-release-linux-x86_64, r-release-macos-arm64, r-release-macos-x86_64, r-release-windows-x86_64, r-oldrel-macos-arm64, r-oldrel-macos-x86_64, r-oldrel-windows-x86_64