CRAN Package Check Results for Package AdjBQR

Last updated on 2021-09-22 08:49:56 CEST.

Flavor Version Tinstall Tcheck Ttotal Status Flags
r-devel-linux-x86_64-debian-clang 1.0 9.95 87.89 97.84 OK
r-devel-linux-x86_64-debian-gcc 1.0 6.63 67.26 73.89 OK
r-devel-linux-x86_64-fedora-clang 1.0 123.01 OK
r-devel-linux-x86_64-fedora-gcc 1.0 111.52 OK
r-devel-windows-x86_64 1.0 10.00 78.00 88.00 OK
r-devel-windows-x86_64-gcc10-UCRT 1.0 ERROR
r-patched-linux-x86_64 1.0 9.30 89.01 98.31 OK
r-patched-solaris-x86 1.0 162.10 OK
r-release-linux-x86_64 1.0 7.75 84.55 92.30 OK
r-release-macos-arm64 1.0 OK
r-release-macos-x86_64 1.0 OK
r-release-windows-ix86+x86_64 1.0 20.00 111.00 131.00 OK
r-oldrel-macos-x86_64 1.0 OK
r-oldrel-windows-ix86+x86_64 1.0 13.00 85.00 98.00 OK

Check Details

Version: 1.0
Check: PDF version of manual
Result: WARN
    LaTeX errors when creating PDF version.
    This typically indicates Rd problems.
Flavor: r-devel-windows-x86_64-gcc10-UCRT

Version: 1.0
Check: PDF version of manual without hyperrefs or index
Result: ERROR
    Re-running with no redirection of stdout/stderr.
Flavor: r-devel-windows-x86_64-gcc10-UCRT