CRAN Package Check Results for Package AdapSamp

Last updated on 2022-01-25 07:49:58 CET.

Flavor Version Tinstall Tcheck Ttotal Status Flags
r-devel-linux-x86_64-debian-clang 1.1.1 2.87 39.85 42.72 NOTE
r-devel-linux-x86_64-debian-gcc 1.1.1 2.20 33.88 36.08 NOTE
r-devel-linux-x86_64-fedora-clang 1.1.1 52.31 NOTE
r-devel-linux-x86_64-fedora-gcc 1.1.1 41.71 NOTE
r-devel-windows-x86_64-new-UL 1.1.1 13.00 61.00 74.00 NOTE
r-devel-windows-x86_64-new-TK 1.1.1 NOTE
r-patched-linux-x86_64 1.1.1 2.34 38.49 40.83 NOTE
r-release-linux-x86_64 1.1.1 2.11 36.63 38.74 NOTE
r-release-macos-arm64 1.1.1 NOTE
r-release-macos-x86_64 1.1.1 NOTE
r-release-windows-ix86+x86_64 1.1.1 8.00 48.00 56.00 NOTE
r-oldrel-macos-x86_64 1.1.1 OK
r-oldrel-windows-ix86+x86_64 1.1.1 7.00 47.00 54.00 OK

Check Details

Version: 1.1.1
Check: LazyData
Result: NOTE
     'LazyData' is specified without a 'data' directory
Flavors: r-devel-linux-x86_64-debian-clang, r-devel-linux-x86_64-debian-gcc, r-devel-linux-x86_64-fedora-clang, r-devel-linux-x86_64-fedora-gcc, r-devel-windows-x86_64-new-UL, r-devel-windows-x86_64-new-TK, r-patched-linux-x86_64, r-release-linux-x86_64, r-release-macos-arm64, r-release-macos-x86_64, r-release-windows-ix86+x86_64