CRAN Package Check Results for Package AdMit

Last updated on 2020-10-27 19:50:17 CET.

Flavor Version Tinstall Tcheck Ttotal Status Flags
r-devel-linux-x86_64-debian-clang 2.1.5 3.47 44.45 47.92 OK
r-devel-linux-x86_64-debian-gcc 2.1.5 2.67 33.80 36.47 OK
r-devel-linux-x86_64-fedora-clang 2.1.5 67.95 NOTE
r-devel-linux-x86_64-fedora-gcc 2.1.5 63.21 NOTE
r-devel-windows-ix86+x86_64 2.1.5 11.00 84.00 95.00 OK
r-patched-linux-x86_64 2.1.5 OK
r-patched-solaris-x86 2.1.5 78.50 OK
r-release-linux-x86_64 2.1.5 3.46 42.59 46.05 OK
r-release-macos-x86_64 2.1.5 OK
r-release-windows-ix86+x86_64 2.1.5 9.00 64.00 73.00 OK
r-oldrel-macos-x86_64 2.1.5 OK
r-oldrel-windows-ix86+x86_64 2.1.5 21.00 80.00 101.00 OK

Check Details

Version: 2.1.5
Check: compiled code
Result: NOTE
    File ‘AdMit/libs/AdMit.so’:
     Found no calls to: ‘R_registerRoutines’, ‘R_useDynamicSymbols’
    
    It is good practice to register native routines and to disable symbol
    search.
    
    See ‘Writing portable packages’ in the ‘Writing R Extensions’ manual.
Flavors: r-devel-linux-x86_64-fedora-clang, r-devel-linux-x86_64-fedora-gcc