CRAN Package Check Results for Package AcuityView

Last updated on 2021-12-01 19:51:28 CET.

Flavor Version Tinstall Tcheck Ttotal Status Flags
r-devel-linux-x86_64-debian-clang 0.1 3.73 35.73 39.46 NOTE
r-devel-linux-x86_64-debian-gcc 0.1 2.49 28.15 30.64 NOTE
r-devel-linux-x86_64-fedora-clang 0.1 59.42 NOTE
r-devel-linux-x86_64-fedora-gcc 0.1 54.22 NOTE
r-devel-windows-x86_64-new-UL 0.1 8.00 83.00 91.00 NOTE
r-devel-windows-x86_64-new-TK 0.1 NOTE
r-devel-windows-x86_64-old 0.1 6.00 51.00 57.00 NOTE
r-patched-linux-x86_64 0.1 3.49 33.65 37.14 NOTE
r-patched-solaris-x86 0.1 78.90 NOTE
r-release-linux-x86_64 0.1 3.76 34.46 38.22 NOTE
r-release-macos-arm64 0.1 NOTE
r-release-macos-x86_64 0.1 NOTE
r-release-windows-ix86+x86_64 0.1 8.00 43.00 51.00 NOTE
r-oldrel-macos-x86_64 0.1 OK
r-oldrel-windows-ix86+x86_64 0.1 6.00 43.00 49.00 OK

Check Details

Version: 0.1
Check: LazyData
Result: NOTE
     'LazyData' is specified without a 'data' directory
Flavors: r-devel-linux-x86_64-debian-clang, r-devel-linux-x86_64-debian-gcc, r-devel-linux-x86_64-fedora-clang, r-devel-linux-x86_64-fedora-gcc, r-devel-windows-x86_64-new-UL, r-devel-windows-x86_64-new-TK, r-devel-windows-x86_64-old, r-patched-linux-x86_64, r-patched-solaris-x86, r-release-linux-x86_64, r-release-macos-arm64, r-release-macos-x86_64, r-release-windows-ix86+x86_64

Version: 0.1
Check: for non-standard things in the check directory
Result: NOTE
    Found the following files/directories:
     'Example.jpeg'
Flavors: r-devel-linux-x86_64-debian-clang, r-devel-linux-x86_64-debian-gcc, r-devel-linux-x86_64-fedora-clang, r-devel-linux-x86_64-fedora-gcc, r-patched-linux-x86_64, r-patched-solaris-x86, r-release-linux-x86_64