CRAN Package Check Results for Package ActiveDriverWGS

Last updated on 2022-05-22 09:52:10 CEST.

Flavor Version Tinstall Tcheck Ttotal Status Flags
r-devel-linux-x86_64-debian-clang 1.1.2 4.28 193.47 197.75 OK
r-devel-linux-x86_64-debian-gcc 1.1.2 3.31 137.98 141.29 OK
r-devel-linux-x86_64-fedora-clang 1.1.2 243.24 OK
r-devel-linux-x86_64-fedora-gcc 1.1.2 241.89 OK
r-devel-windows-x86_64 1.1.2 113.00 222.00 335.00 OK
r-patched-linux-x86_64 1.1.2 4.34 181.27 185.61 OK
r-release-linux-x86_64 1.1.2 4.28 189.27 193.55 OK
r-release-macos-arm64 1.1.2 7.00 ERROR
r-release-macos-x86_64 1.1.2 22.00 ERROR
r-release-windows-x86_64 1.1.2 82.00 221.00 303.00 OK
r-oldrel-macos-arm64 1.1.2 16.00 ERROR
r-oldrel-macos-x86_64 1.1.2 19.00 ERROR
r-oldrel-windows-ix86+x86_64 1.1.2 9.00 231.00 240.00 OK

Check Details

Version: 1.1.2
Check: package dependencies
Result: ERROR
    Packages required but not available:
     'BSgenome.Hsapiens.UCSC.hg19', 'BSgenome.Hsapiens.UCSC.hg38',
     'BSgenome.Mmusculus.UCSC.mm9', 'BSgenome.Mmusculus.UCSC.mm10'
    
    See section ‘The DESCRIPTION file’ in the ‘Writing R Extensions’
    manual.
Flavors: r-release-macos-arm64, r-release-macos-x86_64

Version: 1.1.2
Check: package dependencies
Result: ERROR
    Package required but not available: ‘BSgenome.Mmusculus.UCSC.mm10’
    
    See section ‘The DESCRIPTION file’ in the ‘Writing R Extensions’
    manual.
Flavors: r-oldrel-macos-arm64, r-oldrel-macos-x86_64