CRAN Package Check Results for Package ActiveDriverWGS

Last updated on 2021-12-05 19:49:14 CET.

Flavor Version Tinstall Tcheck Ttotal Status Flags
r-devel-linux-x86_64-debian-clang 1.1.2 4.19 178.20 182.39 OK
r-devel-linux-x86_64-debian-gcc 1.1.2 3.13 138.67 141.80 OK
r-devel-linux-x86_64-fedora-clang 1.1.2 234.44 OK
r-devel-linux-x86_64-fedora-gcc 1.1.2 232.25 OK
r-devel-windows-x86_64-new-UL 1.1.2 13.00 255.00 268.00 OK
r-devel-windows-x86_64-new-TK 1.1.2 OK
r-devel-windows-x86_64-old 1.1.2 7.00 232.00 239.00 OK
r-patched-linux-x86_64 1.1.2 3.80 178.63 182.43 OK
r-release-linux-x86_64 1.1.2 3.87 190.33 194.20 OK
r-release-macos-arm64 1.1.2 ERROR
r-release-macos-x86_64 1.1.2 ERROR
r-release-windows-ix86+x86_64 1.1.2 8.00 187.00 195.00 OK
r-oldrel-macos-x86_64 1.1.2 ERROR
r-oldrel-windows-ix86+x86_64 1.1.1 8.00 225.00 233.00 OK

Check Details

Version: 1.1.2
Check: package dependencies
Result: ERROR
    Package required but not available: ‘BSgenome.Mmusculus.UCSC.mm10’
    
    See section ‘The DESCRIPTION file’ in the ‘Writing R Extensions’
    manual.
Flavors: r-release-macos-arm64, r-release-macos-x86_64

Version: 1.1.2
Check: package dependencies
Result: ERROR
    Packages required but not available:
     'BSgenome.Mmusculus.UCSC.mm9', 'BSgenome.Mmusculus.UCSC.mm10'
    
    See section ‘The DESCRIPTION file’ in the ‘Writing R Extensions’
    manual.
Flavor: r-oldrel-macos-x86_64