CRAN Package Check Results for Package ActFrag

Last updated on 2021-11-28 07:50:36 CET.

Flavor Version Tinstall Tcheck Ttotal Status Flags
r-devel-linux-x86_64-debian-clang 0.1.1 OK
r-devel-linux-x86_64-debian-gcc 0.1.1 9.67 83.80 93.47 OK
r-devel-linux-x86_64-fedora-clang 0.1.1 157.32 NOTE
r-devel-linux-x86_64-fedora-gcc 0.1.1 147.53 NOTE
r-devel-windows-x86_64-new-UL 0.1.1 23.00 152.00 175.00 OK
r-devel-windows-x86_64-new-TK 0.1.1 NOTE
r-devel-windows-x86_64-old 0.1.1 15.00 116.00 131.00 OK
r-patched-linux-x86_64 0.1.1 13.24 102.96 116.20 OK
r-patched-solaris-x86 0.1.1 202.40 NOTE
r-release-linux-x86_64 0.1.1 12.71 106.41 119.12 OK
r-release-macos-arm64 0.1.1 NOTE
r-release-macos-x86_64 0.1.1 NOTE
r-release-windows-ix86+x86_64 0.1.1 29.00 134.00 163.00 OK
r-oldrel-macos-x86_64 0.1.1 NOTE
r-oldrel-windows-ix86+x86_64 0.1.1 30.00 138.00 168.00 OK

Check Details

Version: 0.1.1
Check: dependencies in R code
Result: NOTE
    Namespace in Imports field not imported from: ‘tidyr’
     All declared Imports should be used.
Flavors: r-devel-linux-x86_64-fedora-clang, r-devel-linux-x86_64-fedora-gcc, r-devel-windows-x86_64-new-TK, r-patched-solaris-x86, r-release-macos-arm64, r-release-macos-x86_64, r-oldrel-macos-x86_64