CRAN Package Check Results for Package AbSim

Last updated on 2020-11-26 20:51:32 CET.

Flavor Version Tinstall Tcheck Ttotal Status Flags
r-devel-linux-x86_64-debian-clang 0.2.6 5.81 41.13 46.94 OK
r-devel-linux-x86_64-debian-gcc 0.2.6 4.89 32.78 37.67 OK
r-devel-linux-x86_64-fedora-clang 0.2.6 63.70 OK
r-devel-linux-x86_64-fedora-gcc 0.2.6 53.66 OK
r-devel-windows-ix86+x86_64 0.2.6 10.00 58.00 68.00 OK
r-patched-linux-x86_64 0.2.6 5.72 40.65 46.37 OK
r-patched-solaris-x86 0.2.6 77.90 OK
r-release-linux-x86_64 0.2.6 5.39 39.88 45.27 OK
r-release-macos-x86_64 0.2.6 WARN
r-release-windows-ix86+x86_64 0.2.6 11.00 49.00 60.00 OK
r-oldrel-macos-x86_64 0.2.6 OK
r-oldrel-windows-ix86+x86_64 0.2.6 9.00 62.00 71.00 OK

Check Details

Version: 0.2.6
Check: re-building of vignette outputs
Result: WARN
    Error(s) in re-building vignettes:
     ...
    --- re-building ‘vignette.Rmd’ using rmarkdown
    Warning in engine$weave(file, quiet = quiet, encoding = enc) :
     Pandoc (>= 1.12.3) and/or pandoc-citeproc not available. Falling back to R Markdown v1.
    Quitting from lines 78-85 (vignette.Rmd)
    Error: processing vignette 'vignette.Rmd' failed with diagnostics:
    subscript out of bounds
    --- failed re-building ‘vignette.Rmd’
    
    SUMMARY: processing the following file failed:
     ‘vignette.Rmd’
    
    Error: Vignette re-building failed.
    Execution halted
Flavor: r-release-macos-x86_64