CRAN Package Check Results for Package AWR.Kinesis

Last updated on 2021-12-03 19:50:03 CET.

Flavor Version Tinstall Tcheck Ttotal Status Flags
r-devel-linux-x86_64-debian-clang 1.7.3 3.71 35.23 38.94 OK
r-devel-linux-x86_64-debian-gcc 1.7.3 3.38 27.03 30.41 OK
r-devel-linux-x86_64-fedora-clang 1.7.3 56.54 OK
r-devel-linux-x86_64-fedora-gcc 1.7.3 52.55 OK
r-devel-windows-x86_64-new-UL 1.7.3 9.00 72.00 81.00 ERROR
r-devel-windows-x86_64-new-TK 1.7.3 OK
r-devel-windows-x86_64-old 1.7.3 6.00 53.00 59.00 ERROR
r-patched-linux-x86_64 1.7.3 4.46 33.99 38.45 OK
r-release-linux-x86_64 1.7.3 3.97 33.90 37.87 OK
r-release-macos-arm64 1.7.3 OK
r-release-macos-x86_64 1.7.3 OK
r-release-windows-ix86+x86_64 1.7.3 9.00 57.00 66.00 ERROR
r-oldrel-macos-x86_64 1.7.3 OK
r-oldrel-windows-ix86+x86_64 1.7.3 9.00 58.00 67.00 ERROR

Check Details

Version: 1.7.3
Check: examples
Result: ERROR
    Running examples in 'AWR.Kinesis-Ex.R' failed
    The error occurred in:
    
    
    R Under development (unstable) (2021-11-30 r81262 ucrt) -- "Unsuffered Consequences"
    Copyright (C) 2021 The R Foundation for Statistical Computing
    Platform: x86_64-w64-mingw32/x64 (64-bit)
    
    R is free software and comes with ABSOLUTELY NO WARRANTY.
    You are welcome to redistribute it under certain conditions.
    Type 'license()' or 'licence()' for distribution details.
    
     Natural language support but running in an English locale
    
    R is a collaborative project with many contributors.
    Type 'contributors()' for more information and
    'citation()' on how to cite R or R packages in publications.
    
    Type 'demo()' for some demos, 'help()' for on-line help, or
    'help.start()' for an HTML browser interface to help.
    Type 'q()' to quit R.
    
    > pkgname <- "AWR.Kinesis"
    > source(file.path(R.home("share"), "R", "examples-header.R"))
    > options(warn = 1)
    > options(pager = "console")
    > library('AWR.Kinesis')
    >
    > base::assign(".oldSearch", base::search(), pos = 'CheckExEnv')
    > base::assign(".old_wd", base::getwd(), pos = 'CheckExEnv')
    > cleanEx()
    Error: connections left open:
     stdin (file)
    Execution halted
Flavor: r-devel-windows-x86_64-new-UL

Version: 1.7.3
Check: examples
Result: ERROR
    Running examples in 'AWR.Kinesis-Ex.R' failed
    The error occurred in:
    
    
    R Under development (unstable) (2021-11-26 r81252) -- "Unsuffered Consequences"
    Copyright (C) 2021 The R Foundation for Statistical Computing
    Platform: x86_64-w64-mingw32/x64 (64-bit)
    
    R is free software and comes with ABSOLUTELY NO WARRANTY.
    You are welcome to redistribute it under certain conditions.
    Type 'license()' or 'licence()' for distribution details.
    
     Natural language support but running in an English locale
    
    R is a collaborative project with many contributors.
    Type 'contributors()' for more information and
    'citation()' on how to cite R or R packages in publications.
    
    Type 'demo()' for some demos, 'help()' for on-line help, or
    'help.start()' for an HTML browser interface to help.
    Type 'q()' to quit R.
    
    > pkgname <- "AWR.Kinesis"
    > source(file.path(R.home("share"), "R", "examples-header.R"))
    > options(warn = 1)
    > options(pager = "console")
    > library('AWR.Kinesis')
    >
    > base::assign(".oldSearch", base::search(), pos = 'CheckExEnv')
    > base::assign(".old_wd", base::getwd(), pos = 'CheckExEnv')
    > cleanEx()
    Error: connections left open:
     stdin (file)
    Execution halted
Flavor: r-devel-windows-x86_64-old

Version: 1.7.3
Check: examples
Result: ERROR
    Running examples in 'AWR.Kinesis-Ex.R' failed
    The error occurred in:
    
    
    R version 4.1.2 (2021-11-01) -- "Bird Hippie"
    Copyright (C) 2021 The R Foundation for Statistical Computing
    Platform: x86_64-w64-mingw32/x64 (64-bit)
    
    R is free software and comes with ABSOLUTELY NO WARRANTY.
    You are welcome to redistribute it under certain conditions.
    Type 'license()' or 'licence()' for distribution details.
    
     Natural language support but running in an English locale
    
    R is a collaborative project with many contributors.
    Type 'contributors()' for more information and
    'citation()' on how to cite R or R packages in publications.
    
    Type 'demo()' for some demos, 'help()' for on-line help, or
    'help.start()' for an HTML browser interface to help.
    Type 'q()' to quit R.
    
    > pkgname <- "AWR.Kinesis"
    > source(file.path(R.home("share"), "R", "examples-header.R"))
    > options(warn = 1)
    > options(pager = "console")
    > library('AWR.Kinesis')
    >
    > base::assign(".oldSearch", base::search(), pos = 'CheckExEnv')
    > base::assign(".old_wd", base::getwd(), pos = 'CheckExEnv')
    > cleanEx()
    Error: connections left open:
     stdin (file)
    Execution halted
Flavor: r-release-windows-ix86+x86_64

Version: 1.7.3
Check: examples
Result: ERROR
    Running examples in 'AWR.Kinesis-Ex.R' failed
    The error occurred in:
    
    
    R version 4.0.5 (2021-03-31) -- "Shake and Throw"
    Copyright (C) 2021 The R Foundation for Statistical Computing
    Platform: x86_64-w64-mingw32/x64 (64-bit)
    
    R is free software and comes with ABSOLUTELY NO WARRANTY.
    You are welcome to redistribute it under certain conditions.
    Type 'license()' or 'licence()' for distribution details.
    
     Natural language support but running in an English locale
    
    R is a collaborative project with many contributors.
    Type 'contributors()' for more information and
    'citation()' on how to cite R or R packages in publications.
    
    Type 'demo()' for some demos, 'help()' for on-line help, or
    'help.start()' for an HTML browser interface to help.
    Type 'q()' to quit R.
    
    > pkgname <- "AWR.Kinesis"
    > source(file.path(R.home("share"), "R", "examples-header.R"))
    > options(warn = 1)
    > options(pager = "console")
    > library('AWR.Kinesis')
    >
    > base::assign(".oldSearch", base::search(), pos = 'CheckExEnv')
    > base::assign(".old_wd", base::getwd(), pos = 'CheckExEnv')
    > cleanEx()
    Error: connections left open:
     stdin (file)
    Execution halted
Flavor: r-oldrel-windows-ix86+x86_64