CRAN Package Check Results for Package AUCRF

Last updated on 2021-09-21 08:49:29 CEST.

Flavor Version Tinstall Tcheck Ttotal Status Flags
r-devel-linux-x86_64-debian-clang 1.1 2.14 37.86 40.00 NOTE
r-devel-linux-x86_64-debian-gcc 1.1 1.79 31.75 33.54 NOTE
r-devel-linux-x86_64-fedora-clang 1.1 56.83 NOTE
r-devel-linux-x86_64-fedora-gcc 1.1 47.41 NOTE
r-devel-windows-x86_64 1.1 4.00 37.00 41.00 NOTE
r-devel-windows-x86_64-gcc10-UCRT 1.1 ERROR
r-patched-linux-x86_64 1.1 2.77 39.25 42.02 NOTE
r-patched-solaris-x86 1.1 75.50 NOTE
r-release-linux-x86_64 1.1 2.10 37.71 39.81 NOTE
r-release-macos-arm64 1.1 NOTE
r-release-macos-x86_64 1.1 NOTE
r-release-windows-ix86+x86_64 1.1 5.00 60.00 65.00 NOTE
r-oldrel-macos-x86_64 1.1 NOTE
r-oldrel-windows-ix86+x86_64 1.1 5.00 40.00 45.00 NOTE

Check Details

Version: 1.1
Check: R code for possible problems
Result: NOTE
    AUCRFcv: no visible global function definition for 'predict'
    plot.AUCRF: no visible global function definition for 'par'
    plot.AUCRF: no visible global function definition for 'dotchart'
    plot.AUCRF: no visible global function definition for 'title'
    plot.AUCRF: no visible global function definition for 'text'
    Undefined global functions or variables:
     dotchart par predict text title
    Consider adding
     importFrom("graphics", "dotchart", "par", "text", "title")
     importFrom("stats", "predict")
    to your NAMESPACE file.
Flavors: r-devel-linux-x86_64-debian-clang, r-devel-linux-x86_64-debian-gcc, r-devel-linux-x86_64-fedora-clang, r-devel-linux-x86_64-fedora-gcc, r-devel-windows-x86_64, r-devel-windows-x86_64-gcc10-UCRT, r-patched-linux-x86_64, r-patched-solaris-x86, r-release-linux-x86_64, r-release-macos-arm64, r-release-macos-x86_64, r-release-windows-ix86+x86_64, r-oldrel-macos-x86_64, r-oldrel-windows-ix86+x86_64

Version: 1.1
Check: whether package can be installed
Result: WARN
    Found the following significant warnings:
     WARNING: installation-time patches will not be applied, could not get the patches index
Flavor: r-devel-windows-x86_64-gcc10-UCRT

Version: 1.1
Check: PDF version of manual
Result: WARN
    LaTeX errors when creating PDF version.
    This typically indicates Rd problems.
Flavor: r-devel-windows-x86_64-gcc10-UCRT

Version: 1.1
Check: PDF version of manual without hyperrefs or index
Result: ERROR
    Re-running with no redirection of stdout/stderr.
Flavor: r-devel-windows-x86_64-gcc10-UCRT