CRAN Package Check Results for Package ASSOCShiny

Last updated on 2020-01-23 09:51:54 CET.

Flavor Version Tinstall Tcheck Ttotal Status Flags
r-devel-linux-x86_64-debian-clang 0.1.0 2.20 17.35 19.55 OK
r-devel-linux-x86_64-debian-gcc 0.1.0 1.78 14.01 15.79 OK
r-devel-linux-x86_64-fedora-clang 0.1.0 24.30 NOTE
r-devel-linux-x86_64-fedora-gcc 0.1.0 23.43 NOTE
r-devel-windows-ix86+x86_64 0.1.0 14.00 43.00 57.00 OK
r-devel-windows-ix86+x86_64-gcc8 0.1.0 11.00 32.00 43.00 OK
r-patched-linux-x86_64 0.1.0 1.54 15.99 17.53 OK
r-patched-solaris-x86 0.1.0 35.90 NOTE
r-release-linux-x86_64 0.1.0 1.58 16.30 17.88 OK
r-release-windows-ix86+x86_64 0.1.0 6.00 41.00 47.00 OK
r-release-osx-x86_64 0.1.0 NOTE
r-oldrel-windows-ix86+x86_64 0.1.0 3.00 29.00 32.00 OK
r-oldrel-osx-x86_64 0.1.0 NOTE

Check Details

Version: 0.1.0
Check: dependencies in R code
Result: NOTE
    Namespaces in Imports field not imported from:
     ‘arules’ ‘arulesViz’ ‘dplyr’ ‘methods’ ‘plotly’ ‘shiny’ ‘shinyMatrix’
     All declared Imports should be used.
Flavors: r-devel-linux-x86_64-fedora-clang, r-devel-linux-x86_64-fedora-gcc, r-patched-solaris-x86, r-release-osx-x86_64, r-oldrel-osx-x86_64