CRAN Package Check Results for Package ASSOCShiny

Last updated on 2019-08-25 10:46:13 CEST.

Flavor Version Tinstall Tcheck Ttotal Status Flags
r-devel-linux-x86_64-debian-clang 0.1.0 2.05 16.82 18.87 OK
r-devel-linux-x86_64-debian-gcc 0.1.0 1.69 13.64 15.33 OK
r-devel-linux-x86_64-fedora-clang 0.1.0 24.37 NOTE
r-devel-linux-x86_64-fedora-gcc 0.1.0 22.61 NOTE
r-devel-windows-ix86+x86_64 0.1.0 7.00 31.00 38.00 OK
r-patched-linux-x86_64 0.1.0 1.59 16.68 18.27 OK
r-patched-solaris-x86 0.1.0 36.60 NOTE
r-release-linux-x86_64 0.1.0 1.65 16.71 18.36 OK
r-release-windows-ix86+x86_64 0.1.0 10.00 40.00 50.00 OK
r-release-osx-x86_64 0.1.0 NOTE
r-oldrel-windows-ix86+x86_64 0.1.0 3.00 38.00 41.00 OK
r-oldrel-osx-x86_64 0.1.0 NOTE

Check Details

Version: 0.1.0
Check: dependencies in R code
Result: NOTE
    Namespaces in Imports field not imported from:
     ‘arules’ ‘arulesViz’ ‘dplyr’ ‘methods’ ‘plotly’ ‘shiny’ ‘shinyMatrix’
     All declared Imports should be used.
Flavors: r-devel-linux-x86_64-fedora-clang, r-devel-linux-x86_64-fedora-gcc, r-patched-solaris-x86, r-release-osx-x86_64, r-oldrel-osx-x86_64