CRAN Package Check Results for Package ART

Last updated on 2021-09-20 08:50:02 CEST.

Flavor Version Tinstall Tcheck Ttotal Status Flags
r-devel-linux-x86_64-debian-clang 1.0 5.25 45.92 51.17 OK
r-devel-linux-x86_64-debian-gcc 1.0 4.32 34.03 38.35 OK
r-devel-linux-x86_64-fedora-clang 1.0 69.78 OK
r-devel-linux-x86_64-fedora-gcc 1.0 56.70 OK
r-devel-windows-x86_64 1.0 8.00 46.00 54.00 OK
r-devel-windows-x86_64-gcc10-UCRT 1.0 ERROR
r-patched-linux-x86_64 1.0 5.02 44.97 49.99 OK
r-patched-solaris-x86 1.0 92.10 OK
r-release-linux-x86_64 1.0 5.06 43.61 48.67 OK
r-release-macos-arm64 1.0 OK
r-release-macos-x86_64 1.0 OK
r-release-windows-ix86+x86_64 1.0 14.00 64.00 78.00 OK
r-oldrel-macos-x86_64 1.0 OK
r-oldrel-windows-ix86+x86_64 1.0 13.00 49.00 62.00 OK

Check Details

Version: 1.0
Check: whether package can be installed
Result: WARN
    Found the following significant warnings:
     WARNING: installation-time patches will not be applied, could not get the patches index
Flavor: r-devel-windows-x86_64-gcc10-UCRT

Version: 1.0
Check: PDF version of manual
Result: WARN
    LaTeX errors when creating PDF version.
    This typically indicates Rd problems.
Flavor: r-devel-windows-x86_64-gcc10-UCRT

Version: 1.0
Check: PDF version of manual without hyperrefs or index
Result: ERROR
    Re-running with no redirection of stdout/stderr.
Flavor: r-devel-windows-x86_64-gcc10-UCRT