CRAN Package Check Results for Package ARPALData

Last updated on 2021-10-26 20:50:46 CEST.

Flavor Version Tinstall Tcheck Ttotal Status Flags
r-devel-linux-x86_64-debian-clang 1.2.1 12.96 102.97 115.93 OK
r-devel-linux-x86_64-debian-gcc 1.2.1 10.81 78.12 88.93 OK
r-devel-linux-x86_64-fedora-clang 1.2.1 149.84 OK
r-devel-linux-x86_64-fedora-gcc 1.2.1 138.43 OK
r-devel-windows-x86_64 1.2.1 21.00 137.00 158.00 OK
r-devel-windows-x86_64-gcc10-UCRT 1.2.1 OK
r-patched-linux-x86_64 1.2.1 13.80 97.62 111.42 OK
r-patched-solaris-x86 1.2.1 205.30 OK
r-release-linux-x86_64 1.2.1 13.72 99.38 113.10 OK
r-release-macos-arm64 1.2.1 OK
r-release-macos-x86_64 1.2.1 OK
r-release-windows-ix86+x86_64 1.2.0 24.00 117.00 141.00 OK
r-oldrel-macos-x86_64 1.2.1 OK
r-oldrel-windows-ix86+x86_64 1.2.1 2.00 6.00 8.00 ERROR

Check Details

Version: 1.2.1
Check: whether package can be installed
Result: ERROR
    Installation failed.
Flavor: r-oldrel-windows-ix86+x86_64