CRAN Package Check Results for Package APML0

Last updated on 2022-01-25 07:49:59 CET.

Flavor Version Tinstall Tcheck Ttotal Status Flags
r-devel-linux-x86_64-debian-clang 0.10 66.35 80.03 146.38 NOTE
r-devel-linux-x86_64-debian-gcc 0.10 48.40 72.53 120.93 NOTE
r-devel-linux-x86_64-fedora-clang 0.10 186.00 NOTE
r-devel-linux-x86_64-fedora-gcc 0.10 169.14 NOTE
r-devel-windows-x86_64-new-UL 0.10 55.00 124.00 179.00 NOTE
r-devel-windows-x86_64-new-TK 0.10 NOTE
r-patched-linux-x86_64 0.10 48.23 77.51 125.74 NOTE
r-release-linux-x86_64 0.10 51.87 77.09 128.96 NOTE
r-release-macos-arm64 0.10 NOTE
r-release-macos-x86_64 0.10 NOTE
r-release-windows-ix86+x86_64 0.10 111.00 124.00 235.00 NOTE
r-oldrel-macos-x86_64 0.10 NOTE
r-oldrel-windows-ix86+x86_64 0.10 111.00 121.00 232.00 OK

Check Details

Version: 0.10
Check: LazyData
Result: NOTE
     'LazyData' is specified without a 'data' directory
Flavors: r-devel-linux-x86_64-debian-clang, r-devel-linux-x86_64-debian-gcc, r-devel-linux-x86_64-fedora-clang, r-devel-linux-x86_64-fedora-gcc, r-devel-windows-x86_64-new-UL, r-devel-windows-x86_64-new-TK, r-patched-linux-x86_64, r-release-linux-x86_64, r-release-macos-arm64, r-release-macos-x86_64, r-release-windows-ix86+x86_64

Version: 0.10
Check: installed package size
Result: NOTE
     installed size is 9.0Mb
     sub-directories of 1Mb or more:
     libs 8.8Mb
Flavors: r-devel-linux-x86_64-fedora-clang, r-release-macos-arm64, r-release-macos-x86_64, r-oldrel-macos-x86_64