CRAN Package Check Results for Package AMOEBA

Last updated on 2020-11-26 20:51:32 CET.

Flavor Version Tinstall Tcheck Ttotal Status Flags
r-devel-linux-x86_64-debian-clang 1.1 14.88 135.25 150.13 NOTE
r-devel-linux-x86_64-debian-gcc 1.1 13.34 101.18 114.52 NOTE
r-devel-linux-x86_64-fedora-clang 1.1 197.42 NOTE
r-devel-linux-x86_64-fedora-gcc 1.1 183.03 NOTE
r-devel-windows-ix86+x86_64 1.1 35.00 153.00 188.00 NOTE
r-patched-linux-x86_64 1.1 17.20 125.69 142.89 NOTE
r-patched-solaris-x86 1.1 266.90 NOTE
r-release-linux-x86_64 1.1 15.90 126.63 142.53 NOTE
r-release-macos-x86_64 1.1 NOTE
r-release-windows-ix86+x86_64 1.1 37.00 118.00 155.00 NOTE
r-oldrel-macos-x86_64 1.1 NOTE
r-oldrel-windows-ix86+x86_64 1.1 32.00 149.00 181.00 NOTE

Check Details

Version: 1.1
Check: R code for possible problems
Result: NOTE
    AMOEBA : Classi: no visible global function definition for 'sd'
    Undefined global functions or variables:
     sd
    Consider adding
     importFrom("stats", "sd")
    to your NAMESPACE file.
Flavors: r-devel-linux-x86_64-debian-clang, r-devel-linux-x86_64-debian-gcc, r-devel-linux-x86_64-fedora-clang, r-devel-linux-x86_64-fedora-gcc, r-devel-windows-ix86+x86_64, r-patched-linux-x86_64, r-patched-solaris-x86, r-release-linux-x86_64, r-release-macos-x86_64, r-release-windows-ix86+x86_64, r-oldrel-macos-x86_64, r-oldrel-windows-ix86+x86_64