CRAN Package Check Results for Package AMModels

Last updated on 2021-12-01 19:51:28 CET.

Flavor Version Tinstall Tcheck Ttotal Status Flags
r-devel-linux-x86_64-debian-clang 0.1.4 37.18 252.79 289.97 OK
r-devel-linux-x86_64-debian-gcc 0.1.4 31.65 189.75 221.40 OK
r-devel-linux-x86_64-fedora-clang 0.1.4 361.57 OK
r-devel-linux-x86_64-fedora-gcc 0.1.4 403.77 OK
r-devel-windows-x86_64-new-UL 0.1.4 56.00 279.00 335.00 OK
r-devel-windows-x86_64-new-TK 0.1.4 OK
r-devel-windows-x86_64-old 0.1.4 55.00 222.00 277.00 OK
r-patched-linux-x86_64 0.1.4 35.21 244.89 280.10 OK
r-patched-solaris-x86 0.1.4 423.10 OK
r-release-linux-x86_64 0.1.4 32.90 250.50 283.40 OK
r-release-macos-arm64 0.1.4 OK
r-release-macos-x86_64 0.1.4 OK
r-release-windows-ix86+x86_64 0.1.4 73.00 277.00 350.00 OK
r-oldrel-macos-x86_64 0.1.4 NOTE
r-oldrel-windows-ix86+x86_64 0.1.4 57.00 208.00 265.00 OK

Check Details

Version: 0.1.4
Check: package dependencies
Result: NOTE
    Package suggested but not available for checking: ‘AICcmodavg’
Flavor: r-oldrel-macos-x86_64