CRAN Package Check Results for Package ALSCPC

Last updated on 2021-12-08 19:51:22 CET.

Flavor Version Tinstall Tcheck Ttotal Status Flags
r-devel-linux-x86_64-debian-clang 1.0 1.85 28.93 30.78 NOTE
r-devel-linux-x86_64-debian-gcc 1.0 1.56 22.64 24.20 NOTE
r-devel-linux-x86_64-fedora-clang 1.0 38.69 NOTE
r-devel-linux-x86_64-fedora-gcc 1.0 30.13 NOTE
r-devel-windows-x86_64-new-UL 1.0 5.00 46.00 51.00 NOTE
r-devel-windows-x86_64-new-TK 1.0 NOTE
r-devel-windows-x86_64-old 1.0 4.00 34.00 38.00 NOTE
r-patched-linux-x86_64 1.0 1.64 28.77 30.41 NOTE
r-release-linux-x86_64 1.0 1.82 27.27 29.09 NOTE
r-release-macos-arm64 1.0 NOTE
r-release-macos-x86_64 1.0 NOTE
r-release-windows-ix86+x86_64 1.0 4.00 35.00 39.00 NOTE
r-oldrel-macos-x86_64 1.0 NOTE
r-oldrel-windows-ix86+x86_64 1.0 4.00 30.00 34.00 NOTE

Check Details

Version: 1.0
Check: DESCRIPTION meta-information
Result: NOTE
    Malformed Title field: should not end in a period.
Flavors: r-devel-linux-x86_64-debian-clang, r-devel-linux-x86_64-debian-gcc, r-devel-linux-x86_64-fedora-clang, r-devel-linux-x86_64-fedora-gcc, r-devel-windows-x86_64-new-UL, r-devel-windows-x86_64-new-TK, r-devel-windows-x86_64-old, r-patched-linux-x86_64, r-release-linux-x86_64, r-release-macos-arm64, r-release-macos-x86_64, r-release-windows-ix86+x86_64, r-oldrel-macos-x86_64, r-oldrel-windows-ix86+x86_64