CRAN Package Check Results for Package AIPW

Last updated on 2021-11-30 19:51:16 CET.

Flavor Version Tinstall Tcheck Ttotal Status Flags
r-devel-linux-x86_64-debian-clang 0.6.3.2 6.40 65.45 71.85 OK
r-devel-linux-x86_64-debian-gcc 0.6.3.2 5.25 47.40 52.65 OK
r-devel-linux-x86_64-fedora-clang 0.6.3.2 100.85 NOTE
r-devel-linux-x86_64-fedora-gcc 0.6.3.2 97.87 NOTE
r-devel-windows-x86_64-new-UL 0.6.3.2 13.00 112.00 125.00 OK
r-devel-windows-x86_64-new-TK 0.6.3.2 NOTE
r-devel-windows-x86_64-old 0.6.3.2 11.00 79.00 90.00 OK
r-patched-linux-x86_64 0.6.3.2 9.37 59.49 68.86 OK
r-patched-solaris-x86 0.6.3.2 93.90 NOTE
r-release-linux-x86_64 0.6.3.2 6.03 60.25 66.28 OK
r-release-macos-arm64 0.6.3.2 NOTE
r-release-macos-x86_64 0.6.3.2 NOTE
r-release-windows-ix86+x86_64 0.6.3.2 14.00 88.00 102.00 OK
r-oldrel-macos-x86_64 0.6.3.2 NOTE
r-oldrel-windows-ix86+x86_64 0.6.3.2 8.00 71.00 79.00 OK

Check Details

Version: 0.6.3.2
Check: dependencies in R code
Result: NOTE
    Namespaces in Imports field not imported from:
     ‘Rsolnp’ ‘SuperLearner’ ‘future.apply’ ‘ggplot2’ ‘progressr’ ‘stats’
     ‘utils’
     All declared Imports should be used.
Flavors: r-devel-linux-x86_64-fedora-clang, r-devel-linux-x86_64-fedora-gcc, r-devel-windows-x86_64-new-TK, r-patched-solaris-x86, r-release-macos-arm64, r-release-macos-x86_64, r-oldrel-macos-x86_64