CRAN Package Check Results for Package AICcmodavg

Last updated on 2020-10-30 08:48:57 CET.

Flavor Version Tinstall Tcheck Ttotal Status Flags
r-devel-linux-x86_64-debian-clang 2.3-1 79.26 438.12 517.38 OK
r-devel-linux-x86_64-debian-gcc 2.3-1 69.23 320.23 389.46 OK
r-devel-linux-x86_64-fedora-clang 2.3-1 737.98 NOTE
r-devel-linux-x86_64-fedora-gcc 2.3-1 663.38 OK
r-devel-windows-ix86+x86_64 2.3-1 133.00 424.00 557.00 OK
r-patched-linux-x86_64 2.3-1 76.56 393.05 469.61 OK
r-patched-solaris-x86 2.3-1 694.60 OK
r-release-linux-x86_64 2.3-1 75.47 392.35 467.82 OK
r-release-macos-x86_64 2.3-1 OK
r-release-windows-ix86+x86_64 2.3-1 90.00 356.00 446.00 OK
r-oldrel-macos-x86_64 2.3-1 OK
r-oldrel-windows-ix86+x86_64 2.3-1 119.00 420.00 539.00 OK

Check Details

Version: 2.3-1
Check: Rd cross-references
Result: NOTE
    Undeclared packages ‘multcomp’, ‘gmodels’ in Rd xrefs
Flavor: r-devel-linux-x86_64-fedora-clang