CRAN Package Check Results for Package AICcmodavg

Last updated on 2022-09-28 08:51:12 CEST.

Flavor Version Tinstall Tcheck Ttotal Status Flags
r-devel-linux-x86_64-debian-clang 2.3-1 80.34 415.54 495.88 OK
r-devel-linux-x86_64-debian-gcc 2.3-1 62.05 298.95 361.00 OK
r-devel-linux-x86_64-fedora-clang 2.3-1 661.67 NOTE
r-devel-linux-x86_64-fedora-gcc 2.3-1 593.86 OK
r-devel-windows-x86_64 2.3-1 217.00 426.00 643.00 OK
r-patched-linux-x86_64 2.3-1 85.82 388.12 473.94 OK
r-release-linux-x86_64 2.3-1 67.34 388.94 456.28 OK
r-release-macos-arm64 2.3-1 182.00 OK
r-release-macos-x86_64 2.3-1 320.00 NOTE
r-release-windows-x86_64 2.3-1 194.00 417.00 611.00 OK
r-oldrel-macos-arm64 2.3-1 161.00 NOTE
r-oldrel-macos-x86_64 2.3-1 331.00 OK
r-oldrel-windows-ix86+x86_64 2.3-1 124.00 401.00 525.00 OK

Check Details

Version: 2.3-1
Check: Rd cross-references
Result: NOTE
    Undeclared packages ‘multcomp’, ‘gmodels’ in Rd xrefs
Flavor: r-devel-linux-x86_64-fedora-clang

Version: 2.3-1
Check: package dependencies
Result: NOTE
    Packages suggested but not available for checking: 'R2jags', 'jagsUI'
Flavors: r-release-macos-x86_64, r-oldrel-macos-arm64