CRAN Package Check Results for Package AHM

Last updated on 2021-11-29 20:50:35 CET.

Flavor Version Tinstall Tcheck Ttotal Status Flags
r-devel-linux-x86_64-debian-clang 1.0.1 16.89 108.39 125.28 OK
r-devel-linux-x86_64-debian-gcc 1.0.1 12.49 84.42 96.91 OK
r-devel-linux-x86_64-fedora-clang 1.0.1 171.15 NOTE
r-devel-linux-x86_64-fedora-gcc 1.0.1 172.23 NOTE
r-devel-windows-x86_64-new-UL 1.0.1 30.00 154.00 184.00 OK
r-devel-windows-x86_64-new-TK 1.0.1 NOTE
r-devel-windows-x86_64-old 1.0.1 28.00 114.00 142.00 OK
r-patched-linux-x86_64 1.0.1 15.47 101.66 117.13 OK
r-patched-solaris-x86 1.0.1 204.50 NOTE
r-release-linux-x86_64 1.0.1 16.03 102.62 118.65 OK
r-release-macos-arm64 1.0.1 NOTE
r-release-macos-x86_64 1.0.1 NOTE
r-release-windows-ix86+x86_64 1.0.1 36.00 128.00 164.00 OK
r-oldrel-macos-x86_64 1.0.1 NOTE
r-oldrel-windows-ix86+x86_64 1.0.1 29.00 97.00 126.00 OK

Check Details

Version: 1.0.1
Check: dependencies in R code
Result: NOTE
    Namespaces in Imports field not imported from:
     ‘devtools’ ‘mixexp’
     All declared Imports should be used.
Flavors: r-devel-linux-x86_64-fedora-clang, r-devel-linux-x86_64-fedora-gcc, r-devel-windows-x86_64-new-TK, r-patched-solaris-x86, r-release-macos-arm64, r-release-macos-x86_64, r-oldrel-macos-x86_64