Last updated on 2023-03-30 20:49:03 CEST.
Flavor | Version | Tinstall | Tcheck | Ttotal | Status | Flags |
---|---|---|---|---|---|---|
r-devel-linux-x86_64-debian-clang | 0.2.1 | 10.60 | 107.54 | 118.14 | OK | |
r-devel-linux-x86_64-debian-gcc | 0.2.1 | 7.22 | 79.11 | 86.33 | OK | |
r-devel-linux-x86_64-fedora-clang | 0.3.4 | 147.34 | NOTE | |||
r-devel-linux-x86_64-fedora-gcc | 0.3.4 | 151.52 | NOTE | |||
r-devel-windows-x86_64 | 0.2.1 | 27.00 | 144.00 | 171.00 | OK | |
r-patched-linux-x86_64 | 0.2.1 | 10.51 | 99.18 | 109.69 | OK | |
r-release-linux-x86_64 | 0.2.1 | 10.85 | 99.74 | 110.59 | OK | |
r-release-macos-arm64 | 0.2.1 | 44.00 | NOTE | |||
r-release-macos-x86_64 | 0.2.1 | 58.00 | NOTE | |||
r-release-windows-x86_64 | 0.2.1 | 25.00 | 168.00 | 193.00 | OK | |
r-oldrel-macos-arm64 | 0.2.1 | 48.00 | NOTE | |||
r-oldrel-macos-x86_64 | 0.2.1 | 66.00 | NOTE | |||
r-oldrel-windows-ix86+x86_64 | 0.3.4 | 30.00 | 131.00 | 161.00 | NOTE |
Version: 0.3.4
Check: dependencies in R code
Result: NOTE
Namespaces in Imports field not imported from:
‘mFilter’ ‘regclass’ ‘writexl’
All declared Imports should be used.
Flavors: r-devel-linux-x86_64-fedora-clang, r-devel-linux-x86_64-fedora-gcc
Version: 0.2.1
Check: dependencies in R code
Result: NOTE
Namespaces in Imports field not imported from:
‘mFilter’ ‘regclass’ ‘writexl’
All declared Imports should be used.
Flavors: r-release-macos-arm64, r-release-macos-x86_64, r-oldrel-macos-arm64, r-oldrel-macos-x86_64
Version: 0.3.4
Check: R code for possible problems
Result: NOTE
Initiating curl with CURL_SSL_BACKEND: openssl
Flavor: r-oldrel-windows-ix86+x86_64