CRAN Package Check Results for Package AEP

Last updated on 2021-09-21 08:49:28 CEST.

Flavor Version Tinstall Tcheck Ttotal Status Flags
r-devel-linux-x86_64-debian-clang 0.1.2 3.15 14.59 17.74 OK
r-devel-linux-x86_64-debian-gcc 0.1.2 2.12 18.64 20.76 OK
r-devel-linux-x86_64-fedora-clang 0.1.2 41.97 OK
r-devel-linux-x86_64-fedora-gcc 0.1.2 31.27 OK
r-devel-windows-x86_64 0.1.2 4.00 29.00 33.00 OK
r-devel-windows-x86_64-gcc10-UCRT 0.1.2 ERROR
r-patched-linux-x86_64 0.1.2 2.31 14.27 16.58 OK
r-patched-solaris-x86 0.1.2 45.80 OK
r-release-linux-x86_64 0.1.2 2.80 15.73 18.53 OK
r-release-macos-arm64 0.1.2 OK
r-release-macos-x86_64 0.1.2 OK
r-release-windows-ix86+x86_64 0.1.2 6.00 36.00 42.00 OK
r-oldrel-macos-x86_64 0.1.2 OK
r-oldrel-windows-ix86+x86_64 0.1.2 5.00 35.00 40.00 OK

Check Details

Version: 0.1.2
Check: whether package can be installed
Result: WARN
    Found the following significant warnings:
     WARNING: installation-time patches will not be applied, could not get the patches index
Flavor: r-devel-windows-x86_64-gcc10-UCRT

Version: 0.1.2
Check: PDF version of manual
Result: WARN
    LaTeX errors when creating PDF version.
    This typically indicates Rd problems.
Flavor: r-devel-windows-x86_64-gcc10-UCRT

Version: 0.1.2
Check: PDF version of manual without hyperrefs or index
Result: ERROR
    Re-running with no redirection of stdout/stderr.
Flavor: r-devel-windows-x86_64-gcc10-UCRT