CRAN Package Check Results for Package ADVICE

Last updated on 2021-09-21 08:49:28 CEST.

Flavor Version Tinstall Tcheck Ttotal Status Flags
r-devel-linux-x86_64-debian-clang 1.0 2.18 15.61 17.79 OK
r-devel-linux-x86_64-debian-gcc 1.0 1.55 20.21 21.76 OK
r-devel-linux-x86_64-fedora-clang 1.0 43.05 OK
r-devel-linux-x86_64-fedora-gcc 1.0 31.01 OK
r-devel-windows-x86_64 1.0 4.00 30.00 34.00 OK
r-devel-windows-x86_64-gcc10-UCRT 1.0 ERROR
r-patched-linux-x86_64 1.0 2.00 16.27 18.27 OK
r-patched-solaris-x86 1.0 47.00 OK
r-release-linux-x86_64 1.0 1.96 15.86 17.82 OK
r-release-macos-arm64 1.0 OK
r-release-macos-x86_64 1.0 OK
r-release-windows-ix86+x86_64 1.0 5.00 38.00 43.00 OK
r-oldrel-macos-x86_64 1.0 OK
r-oldrel-windows-ix86+x86_64 1.0 6.00 38.00 44.00 OK

Check Details

Version: 1.0
Check: whether package can be installed
Result: WARN
    Found the following significant warnings:
     WARNING: installation-time patches will not be applied, could not get the patches index
Flavor: r-devel-windows-x86_64-gcc10-UCRT

Version: 1.0
Check: PDF version of manual
Result: WARN
    LaTeX errors when creating PDF version.
    This typically indicates Rd problems.
Flavor: r-devel-windows-x86_64-gcc10-UCRT

Version: 1.0
Check: PDF version of manual without hyperrefs or index
Result: ERROR
    Re-running with no redirection of stdout/stderr.
Flavor: r-devel-windows-x86_64-gcc10-UCRT