Last updated on 2022-05-16 21:50:13 CEST.
Flavor | Version | Tinstall | Tcheck | Ttotal | Status | Flags |
---|---|---|---|---|---|---|
r-devel-linux-x86_64-debian-clang | 2.1 | 77.57 | 98.01 | 175.58 | NOTE | |
r-devel-linux-x86_64-debian-gcc | 2.1 | 64.10 | 73.27 | 137.37 | NOTE | |
r-devel-linux-x86_64-fedora-clang | 2.1 | 237.67 | NOTE | |||
r-devel-linux-x86_64-fedora-gcc | 2.1 | 219.60 | NOTE | |||
r-devel-windows-x86_64 | 2.1 | 259.00 | 185.00 | 444.00 | NOTE | |
r-patched-linux-x86_64 | 2.1 | 71.37 | 99.06 | 170.43 | NOTE | |
r-release-linux-x86_64 | 2.1 | 72.38 | 100.00 | 172.38 | NOTE | |
r-release-macos-arm64 | 2.1 | 71.00 | NOTE | |||
r-release-macos-x86_64 | 2.1 | 88.00 | NOTE | |||
r-release-windows-x86_64 | 2.1 | 143.00 | 189.00 | 332.00 | NOTE | |
r-oldrel-macos-arm64 | 2.1 | 83.00 | NOTE | |||
r-oldrel-macos-x86_64 | 2.1 | 97.00 | NOTE | |||
r-oldrel-windows-ix86+x86_64 | 2.1 | 197.00 | 158.00 | 355.00 | NOTE |
Version: 2.1
Check: LazyData
Result: NOTE
'LazyData' is specified without a 'data' directory
Flavors: r-devel-linux-x86_64-debian-clang, r-devel-linux-x86_64-debian-gcc, r-devel-linux-x86_64-fedora-clang, r-devel-linux-x86_64-fedora-gcc, r-devel-windows-x86_64, r-patched-linux-x86_64, r-release-linux-x86_64, r-release-macos-arm64, r-release-macos-x86_64, r-release-windows-x86_64, r-oldrel-macos-arm64, r-oldrel-macos-x86_64, r-oldrel-windows-ix86+x86_64
Version: 2.1
Check: installed package size
Result: NOTE
installed size is 5.0Mb
sub-directories of 1Mb or more:
libs 4.0Mb
Flavor: r-oldrel-macos-arm64