CRAN Package Check Results for Package ADMMnet

Last updated on 2021-12-05 19:49:15 CET.

Flavor Version Tinstall Tcheck Ttotal Status Flags
r-devel-linux-x86_64-debian-clang 0.1.1 46.84 67.53 114.37 OK
r-devel-linux-x86_64-debian-gcc 0.1.1 32.29 59.75 92.04 OK
r-devel-linux-x86_64-fedora-clang 0.1.1 163.09 NOTE
r-devel-linux-x86_64-fedora-gcc 0.1.1 165.14 NOTE
r-devel-windows-x86_64-new-UL 0.1.1 55.00 123.00 178.00 OK
r-devel-windows-x86_64-new-TK 0.1.1 OK
r-devel-windows-x86_64-old 0.1.1 52.00 97.00 149.00 OK
r-patched-linux-x86_64 0.1.1 41.24 65.44 106.68 OK
r-release-linux-x86_64 0.1.1 40.82 75.80 116.62 OK
r-release-macos-arm64 0.1.1 NOTE
r-release-macos-x86_64 0.1.1 NOTE
r-release-windows-ix86+x86_64 0.1.1 96.00 116.00 212.00 OK
r-oldrel-macos-x86_64 0.1.1 NOTE
r-oldrel-windows-ix86+x86_64 0.1.1 95.00 129.00 224.00 OK

Check Details

Version: 0.1.1
Check: installed package size
Result: NOTE
     installed size is 5.7Mb
     sub-directories of 1Mb or more:
     libs 5.5Mb
Flavors: r-devel-linux-x86_64-fedora-clang, r-release-macos-arm64, r-release-macos-x86_64, r-oldrel-macos-x86_64

Version: 0.1.1
Check: compiled code
Result: NOTE
    File ‘ADMMnet/libs/ADMMnet.so’:
     Found no calls to: ‘R_registerRoutines’, ‘R_useDynamicSymbols’
    
    It is good practice to register native routines and to disable symbol
    search.
    
    See ‘Writing portable packages’ in the ‘Writing R Extensions’ manual.
Flavors: r-devel-linux-x86_64-fedora-clang, r-devel-linux-x86_64-fedora-gcc