CRAN Package Check Results for Package ADAPTS

Last updated on 2021-12-03 19:50:02 CET.

Flavor Version Tinstall Tcheck Ttotal Status Flags
r-devel-linux-x86_64-debian-clang 1.0.21 6.53 74.57 81.10 OK
r-devel-linux-x86_64-debian-gcc 1.0.21 4.37 56.05 60.42 OK
r-devel-linux-x86_64-fedora-clang 1.0.21 112.94 NOTE
r-devel-linux-x86_64-fedora-gcc 1.0.21 110.99 OK
r-devel-windows-x86_64-new-UL 1.0.21 17.00 146.00 163.00 NOTE
r-devel-windows-x86_64-new-TK 1.0.21 OK
r-devel-windows-x86_64-old 1.0.21 10.00 91.00 101.00 NOTE
r-patched-linux-x86_64 1.0.21 7.28 74.81 82.09 OK
r-release-linux-x86_64 1.0.21 6.90 75.74 82.64 OK
r-release-macos-arm64 1.0.21 NOTE
r-release-macos-x86_64 1.0.21 NOTE
r-release-windows-ix86+x86_64 1.0.21 11.00 107.00 118.00 NOTE
r-oldrel-macos-x86_64 1.0.21 NOTE
r-oldrel-windows-ix86+x86_64 1.0.21 11.00 112.00 123.00 NOTE

Check Details

Version: 1.0.21
Check: installed package size
Result: NOTE
     installed size is 7.6Mb
     sub-directories of 1Mb or more:
     doc 7.1Mb
Flavors: r-devel-linux-x86_64-fedora-clang, r-devel-windows-x86_64-new-UL, r-devel-windows-x86_64-old, r-release-macos-arm64, r-release-macos-x86_64, r-release-windows-ix86+x86_64, r-oldrel-macos-x86_64, r-oldrel-windows-ix86+x86_64

Version: 1.0.21
Check: package dependencies
Result: NOTE
    Package suggested but not available for checking: ‘DeconRNASeq’
Flavors: r-release-macos-arm64, r-oldrel-macos-x86_64

Version: 1.0.21
Check: package dependencies
Result: NOTE
    Packages suggested but not available for checking: 'DeconRNASeq', 'WGCNA'
Flavor: r-release-macos-x86_64